{"id":41210,"date":"2026-04-19T15:20:15","date_gmt":"2026-04-19T15:20:15","guid":{"rendered":"https:\/\/singuli.wpress.me\/index.php\/proizvod\/shell-spuzva-jumbo\/"},"modified":"2026-04-20T12:33:35","modified_gmt":"2026-04-20T12:33:35","slug":"shell-spuzva-jumbo","status":"publish","type":"product","link":"https:\/\/singuli.wpress.me\/index.php\/proizvod\/shell-spuzva-jumbo\/","title":{"rendered":"SHELL, spu\u017eva, jumbo"},"content":{"rendered":"<p>Shell Jumbo spu\u017eva velika, izdr\u017eljiva, mekana i upijaju\u0107a. Uklanja jaku prljav\u0161tinu i te\u0161ke mrlje. Ne grebe o\u010di\u0161\u0107enu povr\u0161inu. Savr\u0161eno za pranje i \u010di\u0161\u0107enje karoserije automobila, aluminijskih naplataka i prednjih svjetala.<\/p>\n","protected":false},"excerpt":{"rendered":"<p>Velika spu\u017eva za pranje i \u010di\u0161\u0107enje automobila<br \/>\nUklanja jaku prljav\u0161tinu i te\u0161ke mrlje<br \/>\nNe grebe o\u010di\u0161\u0107enu povr\u0161inu<\/p>\n","protected":false},"featured_media":0,"template":"","meta":{"_seopress_robots_primary_cat":"","_seopress_titles_title":"","_seopress_titles_desc":"","_seopress_robots_index":"","iawp_total_views":0},"product_brand":[326],"product_cat":[243,273],"product_tag":[],"class_list":{"0":"post-41210","1":"product","2":"type-product","3":"status-publish","5":"product_brand-shell","6":"product_cat-automobili-i-motori","7":"product_cat-njega-vozila-243","9":"first","10":"instock","11":"shipping-taxable","12":"purchasable","13":"product-type-simple"},"_links":{"self":[{"href":"https:\/\/singuli.wpress.me\/index.php\/wp-json\/wp\/v2\/product\/41210","targetHints":{"allow":["GET"]}}],"collection":[{"href":"https:\/\/singuli.wpress.me\/index.php\/wp-json\/wp\/v2\/product"}],"about":[{"href":"https:\/\/singuli.wpress.me\/index.php\/wp-json\/wp\/v2\/types\/product"}],"version-history":[{"count":0,"href":"https:\/\/singuli.wpress.me\/index.php\/wp-json\/wp\/v2\/product\/41210\/revisions"}],"wp:attachment":[{"href":"https:\/\/singuli.wpress.me\/index.php\/wp-json\/wp\/v2\/media?parent=41210"}],"wp:term":[{"taxonomy":"product_brand","embeddable":true,"href":"https:\/\/singuli.wpress.me\/index.php\/wp-json\/wp\/v2\/product_brand?post=41210"},{"taxonomy":"product_cat","embeddable":true,"href":"https:\/\/singuli.wpress.me\/index.php\/wp-json\/wp\/v2\/product_cat?post=41210"},{"taxonomy":"product_tag","embeddable":true,"href":"https:\/\/singuli.wpress.me\/index.php\/wp-json\/wp\/v2\/product_tag?post=41210"}],"curies":[{"name":"wp","href":"https:\/\/api.w.org\/{rel}","templated":true}]}}