{"id":41231,"date":"2026-04-19T15:20:22","date_gmt":"2026-04-19T15:20:22","guid":{"rendered":"https:\/\/singuli.wpress.me\/index.php\/proizvod\/oral-b-vitality-pro-elektricna-cetkica-za-zube-crna\/"},"modified":"2026-04-20T12:33:36","modified_gmt":"2026-04-20T12:33:36","slug":"oral-b-vitality-pro-elektricna-cetkica-za-zube-crna","status":"publish","type":"product","link":"https:\/\/singuli.wpress.me\/index.php\/proizvod\/oral-b-vitality-pro-elektricna-cetkica-za-zube-crna\/","title":{"rendered":"ORAL-B Vitality Pro, elektri\u010dna \u010detkica za zube, crna"},"content":{"rendered":"<p>Elektri\u010dna zubna \u010detkica Oral-B Pro pru\u017ea klini\u010dki dokazano vrhunsko \u010di\u0161\u0107enje u usporedbi s obi\u010dnom klasi\u010dnom zubnom \u010detkicom. \u010cetkica ima 3 na\u010dina rada: Daily Clean (svakodnevno \u010di\u0161\u0107enje), Sensitive (nje\u017eno) i Sensitive Plus (iznimno nje\u017eno) za nevjerojatno nje\u017eno iskustvo. Mjera\u010d vremena ugra\u0111en u dr\u0161ku poma\u017ee da pranje zuba traje 2 minute, u skladu s preporukama stomatologa. I \u0161to je najbolje \u2013 sve to omogu\u0107uje Oral-B, marka zubnih \u010detkica br. 1 koju upotrebljava najvi\u0161e stomatologa diljem svijeta.<\/p>\n<p>Osnovna zubna \u010detkica za bolje i nje\u017enije \u010di\u0161\u0107enje.<\/p>\n<p>Jedinstvena tehnologija 2D \u010di\u0161\u0107enja marke Oral-B osciliraju\u0107im i rotacijskim pokretima omogu\u0107uje do 100 % bolje uklanjanje zubnih naslaga u usporedbi s klasi\u010dnom zubnom \u010detkicom.<\/p>\n","protected":false},"excerpt":{"rendered":"<p>3 na\u010dina rada<br \/>\nNje\u017ena prema desnima<br \/>\nOmogu\u0107uje do 100 % bolje uklanjanje zubnih naslaga u usporedbi s klasi\u010dnom zubnom \u010detkicom<\/p>\n","protected":false},"featured_media":0,"template":"","meta":{"_seopress_robots_primary_cat":"","_seopress_titles_title":"","_seopress_titles_desc":"","_seopress_robots_index":"","iawp_total_views":0},"product_brand":[423],"product_cat":[293,192,292],"product_tag":[],"class_list":{"0":"post-41231","1":"product","2":"type-product","3":"status-publish","5":"product_brand-oral-b-2","6":"product_cat-aparati-za-djecu-i-odrasle-292","7":"product_cat-aparati-za-osobnu-njegu","8":"product_cat-oralna-higijena-uredaji-192","10":"first","11":"instock","12":"shipping-taxable","13":"purchasable","14":"product-type-simple"},"_links":{"self":[{"href":"https:\/\/singuli.wpress.me\/index.php\/wp-json\/wp\/v2\/product\/41231","targetHints":{"allow":["GET"]}}],"collection":[{"href":"https:\/\/singuli.wpress.me\/index.php\/wp-json\/wp\/v2\/product"}],"about":[{"href":"https:\/\/singuli.wpress.me\/index.php\/wp-json\/wp\/v2\/types\/product"}],"version-history":[{"count":0,"href":"https:\/\/singuli.wpress.me\/index.php\/wp-json\/wp\/v2\/product\/41231\/revisions"}],"wp:attachment":[{"href":"https:\/\/singuli.wpress.me\/index.php\/wp-json\/wp\/v2\/media?parent=41231"}],"wp:term":[{"taxonomy":"product_brand","embeddable":true,"href":"https:\/\/singuli.wpress.me\/index.php\/wp-json\/wp\/v2\/product_brand?post=41231"},{"taxonomy":"product_cat","embeddable":true,"href":"https:\/\/singuli.wpress.me\/index.php\/wp-json\/wp\/v2\/product_cat?post=41231"},{"taxonomy":"product_tag","embeddable":true,"href":"https:\/\/singuli.wpress.me\/index.php\/wp-json\/wp\/v2\/product_tag?post=41231"}],"curies":[{"name":"wp","href":"https:\/\/api.w.org\/{rel}","templated":true}]}}