{"id":41251,"date":"2026-04-19T15:20:30","date_gmt":"2026-04-19T15:20:30","guid":{"rendered":"https:\/\/singuli.wpress.me\/index.php\/proizvod\/wc-net-energy-turbo-sredstvo-za-ciscenje-odvoda-2000-ml\/"},"modified":"2026-04-20T12:33:36","modified_gmt":"2026-04-20T12:33:36","slug":"wc-net-energy-turbo-sredstvo-za-ciscenje-odvoda-2000-ml","status":"publish","type":"product","link":"https:\/\/singuli.wpress.me\/index.php\/proizvod\/wc-net-energy-turbo-sredstvo-za-ciscenje-odvoda-2000-ml\/","title":{"rendered":"WC NET Energy Turbo, sredstvo za \u010di\u0161\u0107enje odvoda, 2000\u00a0ml"},"content":{"rendered":"<p>WC NET gel za od\u010depljivanje odvoda vrlo efikasno se bori protiv za\u010depljenih i ne\u010distih odvoda. <\/p>\n<p>Zahvaljuju\u0107i aktivnoj formuli cijevi postaju \u010diste, a va\u0161 odvod ponovno normalno funkcionira.<\/p>\n<p>Za razliku od ostalih klasi\u010dnih teku\u0107ih proizvoda, njegova gusta formula gela prodire kroz ne\u010disto\u0107e u odvodu i osigurava normalan protok vode.<\/p>\n","protected":false},"excerpt":{"rendered":"<p>Efikasan<br \/>\nAktivna formula<br \/>\nGusta formula gela<\/p>\n","protected":false},"featured_media":0,"template":"","meta":{"_seopress_robots_primary_cat":"","_seopress_titles_title":"","_seopress_titles_desc":"","_seopress_robots_index":"","iawp_total_views":0},"product_brand":[778],"product_cat":[283,238],"product_tag":[],"class_list":{"0":"post-41251","1":"product","2":"type-product","3":"status-publish","5":"product_brand-wc-net","6":"product_cat-pranje-rublja-238","7":"product_cat-sve-za-dom","9":"first","10":"outofstock","11":"shipping-taxable","12":"purchasable","13":"product-type-simple"},"_links":{"self":[{"href":"https:\/\/singuli.wpress.me\/index.php\/wp-json\/wp\/v2\/product\/41251","targetHints":{"allow":["GET"]}}],"collection":[{"href":"https:\/\/singuli.wpress.me\/index.php\/wp-json\/wp\/v2\/product"}],"about":[{"href":"https:\/\/singuli.wpress.me\/index.php\/wp-json\/wp\/v2\/types\/product"}],"version-history":[{"count":0,"href":"https:\/\/singuli.wpress.me\/index.php\/wp-json\/wp\/v2\/product\/41251\/revisions"}],"wp:attachment":[{"href":"https:\/\/singuli.wpress.me\/index.php\/wp-json\/wp\/v2\/media?parent=41251"}],"wp:term":[{"taxonomy":"product_brand","embeddable":true,"href":"https:\/\/singuli.wpress.me\/index.php\/wp-json\/wp\/v2\/product_brand?post=41251"},{"taxonomy":"product_cat","embeddable":true,"href":"https:\/\/singuli.wpress.me\/index.php\/wp-json\/wp\/v2\/product_cat?post=41251"},{"taxonomy":"product_tag","embeddable":true,"href":"https:\/\/singuli.wpress.me\/index.php\/wp-json\/wp\/v2\/product_tag?post=41251"}],"curies":[{"name":"wp","href":"https:\/\/api.w.org\/{rel}","templated":true}]}}