{"id":41263,"date":"2026-04-19T15:20:36","date_gmt":"2026-04-19T15:20:36","guid":{"rendered":"https:\/\/singuli.wpress.me\/index.php\/proizvod\/neutro-roberts-manneti-natural-dry-deo-roll-on-50-ml\/"},"modified":"2026-04-20T12:33:36","modified_gmt":"2026-04-20T12:33:36","slug":"neutro-roberts-manneti-natural-dry-deo-roll-on-50-ml","status":"publish","type":"product","link":"https:\/\/singuli.wpress.me\/index.php\/proizvod\/neutro-roberts-manneti-natural-dry-deo-roll-on-50-ml\/","title":{"rendered":"NEUTRO ROBERTS Manneti Natural Dry, deo roll-on, 50\u00a0ml"},"content":{"rendered":"<p>Neutro Roberts deo roll-on Natural Dry je prirodni dezodorans koji uspje\u0161no i u\u010dinkovito regulira znojenje te \u0161titi od ne\u017eeljenih tjelesnih mirisa. <\/p>\n<p>Pomno odabrana kombinacija sastojaka \u0161titi i omogu\u0107ava ko\u017ei da di\u0161e, dok istovremeno sprje\u010dava nastajanje ne\u017eeljene vlage. <\/p>\n","protected":false},"excerpt":{"rendered":"<p>Donosi 24-satnu za\u0161titu od znojenja i neugodnih mirisa<br \/>\nAntibakterijska za\u0161tita sprje\u010dava mno\u017eenje bakterija na ko\u017ei<br \/>\nNapredna formula omogu\u0107ava ko\u017ei da di\u0161e<\/p>\n","protected":false},"featured_media":0,"template":"","meta":{"_seopress_robots_primary_cat":"","_seopress_titles_title":"","_seopress_titles_desc":"","_seopress_robots_index":"","iawp_total_views":0},"product_brand":[412],"product_cat":[285,268],"product_tag":[],"class_list":{"0":"post-41263","1":"product","2":"type-product","3":"status-publish","5":"product_brand-neutro-roberts","6":"product_cat-dezodoransi-268","7":"product_cat-kozmetika-2","9":"first","10":"outofstock","11":"shipping-taxable","12":"purchasable","13":"product-type-simple"},"_links":{"self":[{"href":"https:\/\/singuli.wpress.me\/index.php\/wp-json\/wp\/v2\/product\/41263","targetHints":{"allow":["GET"]}}],"collection":[{"href":"https:\/\/singuli.wpress.me\/index.php\/wp-json\/wp\/v2\/product"}],"about":[{"href":"https:\/\/singuli.wpress.me\/index.php\/wp-json\/wp\/v2\/types\/product"}],"version-history":[{"count":0,"href":"https:\/\/singuli.wpress.me\/index.php\/wp-json\/wp\/v2\/product\/41263\/revisions"}],"wp:attachment":[{"href":"https:\/\/singuli.wpress.me\/index.php\/wp-json\/wp\/v2\/media?parent=41263"}],"wp:term":[{"taxonomy":"product_brand","embeddable":true,"href":"https:\/\/singuli.wpress.me\/index.php\/wp-json\/wp\/v2\/product_brand?post=41263"},{"taxonomy":"product_cat","embeddable":true,"href":"https:\/\/singuli.wpress.me\/index.php\/wp-json\/wp\/v2\/product_cat?post=41263"},{"taxonomy":"product_tag","embeddable":true,"href":"https:\/\/singuli.wpress.me\/index.php\/wp-json\/wp\/v2\/product_tag?post=41263"}],"curies":[{"name":"wp","href":"https:\/\/api.w.org\/{rel}","templated":true}]}}