{"id":41303,"date":"2026-04-19T15:20:54","date_gmt":"2026-04-19T15:20:54","guid":{"rendered":"https:\/\/singuli.wpress.me\/index.php\/proizvod\/aeroshell-oil-w15w50-ulje-za-klipne-motora-1x0-946l\/"},"modified":"2026-04-20T12:33:36","modified_gmt":"2026-04-20T12:33:36","slug":"aeroshell-oil-w15w50-ulje-za-klipne-motora-1x0-946l","status":"publish","type":"product","link":"https:\/\/singuli.wpress.me\/index.php\/proizvod\/aeroshell-oil-w15w50-ulje-za-klipne-motora-1x0-946l\/","title":{"rendered":"AEROSHELL  OIL W15W50 , ulje za klipne motora, 1&#215;0.946l"},"content":{"rendered":"<p>Jedinstvena mje\u0161avina visoko kvalitetnog mineralnog ulja s preko 50% sinteti\u010dke ugljikovodi\u010dne osnove te bezpepelnim aditivom. Polusinteti\u010dka mje\u0161avina omogu\u0107ava vrhunske performanse u razli\u010ditim primjenama i uvjetima. Omogu\u0107ava izvrsnu za\u0161titu od korozije, \u010disto\u0107u motora, ima izvanredna svojstva protiv pjenjenja, reducira za 50% potro\u0161nju ulja te osigurava odli\u010dan protok ulja na ni\u017eim temperaturama. Odli\u010dno je kao svesezonsko ulje te nisu potrebne sezonske promjene. Reducira potro\u0161nju goriva. Pru\u017ea izvanrednu oksidacijsku stabilnost pri vi\u0161im temperaturama.<\/p>\n<p><span style=\"font-weight: bold\">Specifikacija:<\/span> Aeroshell Oil 15W-50 je razvijeno u suradnji s Textron Lycoming i Teledyne Continental Motors i ispunjava njihove specifikacije 301F i MHS-4A. Ulje je tako\u0111er odobreno u vojnoj specifikaciji MIL-L-22851 koja se vi\u0161e ne primjenjuje, ve\u0107 je zamijenjena SAE J-1899 specifikacijom. Odobreno je tako\u0111er za uporabu u svim Pratt &amp; Whitney radijalnim motorima za zrakoplove. Dodatno ispunjava zahtjeve Lycoming Service Bulletin 446C i 471, te dodatno Service Instruction 1409A. Tako\u0111er zadovoljava ameri\u010dku specifikaciju FAA Airworthiness Directive 80-04-03 u kojoj se kod nekih motora zahtjevaju posebna svojstva protiv tro\u0161enja. Aeroshell Oil W 15W-50 smije se koristiti u svim zrakoplovnim klipnim motorima Continental Motorsa sa zra\u010dnim ili teku\u0107im hla\u0111enjem. Ameri\u010dka: odobreno SAE J-1899 multigradno, britanska: odobreno SAE J-1899 multigradno, NATO Code: 0-162 zastarjelo, Joint Service Designation: OMD-162, Continental: MHS 24A, SIL 99-2; Pratt &amp; Whitney: Service Bulltein 1183-S.<\/p>\n","protected":false},"excerpt":{"rendered":"<p>Ulje za klipove motora zrakoplova<br \/>\nBez pepela<br \/>\nProtiv pjenjenja<\/p>\n","protected":false},"featured_media":0,"template":"","meta":{"_seopress_robots_primary_cat":"","_seopress_titles_title":"","_seopress_titles_desc":"","_seopress_robots_index":"","iawp_total_views":0},"product_brand":[482],"product_cat":[221,263],"product_tag":[],"class_list":{"0":"post-41303","1":"product","2":"type-product","3":"status-publish","5":"product_brand-aeroshell","6":"product_cat-igracke","7":"product_cat-tematske-igracke-221","9":"first","10":"instock","11":"shipping-taxable","12":"purchasable","13":"product-type-simple"},"_links":{"self":[{"href":"https:\/\/singuli.wpress.me\/index.php\/wp-json\/wp\/v2\/product\/41303","targetHints":{"allow":["GET"]}}],"collection":[{"href":"https:\/\/singuli.wpress.me\/index.php\/wp-json\/wp\/v2\/product"}],"about":[{"href":"https:\/\/singuli.wpress.me\/index.php\/wp-json\/wp\/v2\/types\/product"}],"version-history":[{"count":0,"href":"https:\/\/singuli.wpress.me\/index.php\/wp-json\/wp\/v2\/product\/41303\/revisions"}],"wp:attachment":[{"href":"https:\/\/singuli.wpress.me\/index.php\/wp-json\/wp\/v2\/media?parent=41303"}],"wp:term":[{"taxonomy":"product_brand","embeddable":true,"href":"https:\/\/singuli.wpress.me\/index.php\/wp-json\/wp\/v2\/product_brand?post=41303"},{"taxonomy":"product_cat","embeddable":true,"href":"https:\/\/singuli.wpress.me\/index.php\/wp-json\/wp\/v2\/product_cat?post=41303"},{"taxonomy":"product_tag","embeddable":true,"href":"https:\/\/singuli.wpress.me\/index.php\/wp-json\/wp\/v2\/product_tag?post=41303"}],"curies":[{"name":"wp","href":"https:\/\/api.w.org\/{rel}","templated":true}]}}