{"id":41345,"date":"2026-04-19T15:21:13","date_gmt":"2026-04-19T15:21:13","guid":{"rendered":"https:\/\/singuli.wpress.me\/index.php\/proizvod\/medex-kadulja-i-islandski-lisaj-otopina-sa-sirupom-agave-150-ml\/"},"modified":"2026-04-20T12:33:36","modified_gmt":"2026-04-20T12:33:36","slug":"medex-kadulja-i-islandski-lisaj-otopina-sa-sirupom-agave-150-ml","status":"publish","type":"product","link":"https:\/\/singuli.wpress.me\/index.php\/proizvod\/medex-kadulja-i-islandski-lisaj-otopina-sa-sirupom-agave-150-ml\/","title":{"rendered":"MEDEX Kadulja i islandski li\u0161aj, otopina, sa sirupom agave, 150\u00a0ml"},"content":{"rendered":"<p>Islandski li\u0161aj za zdrav di\u0161ni sustav i kadulja u obliku vodenog ekstrakta posebnost su Medexove otopine s sirupom agave.  Budu\u0107i da otopina Kadulja i islandski li\u0161aj sadr\u017ei vitamin A, koji doprinosi odr\u017eavanju normalnih sluznica, i vitamin C koji skupa s vitaminom A doprinosi normalnoj funkciji imunolo\u0161kog sustava, preporu\u010dujemo je govornicima, odnosno onima koji \u010desto koriste svoje glasnice. Zasla\u0111eno agavinim sirupom iz ekolo\u0161ke proizvodnje svidjet \u0107e se i djeci, a zahvaljuju\u0107i vodenom ekstraktu kadulje primjereno je i za trudnice i dojilje.<\/p>\n<p>Sirup agave<br \/>\nSirup agave je namirnica s niskim glikemijskim indeksom. Dobiven od listova agave ima visok udio fruktoze.<\/p>\n<p>Vodeni ekstrakt kadulje (Salvia officinali)<br \/>\nPrirodna mo\u0107 kadulje poznata je i cijenjena jo\u0161 od starog vijeka. Stare travarske knjige kadulju uzdi\u017eu kao svetu biljku. Sadr\u017ei eteri\u010dno ulje, hlapivu, miri\u0161ljavu smjesu spojeva netopivih u vodi, me\u0111u kojima najvi\u0161e ima tujona. Vodeni ekstrakt iz listova kadulje ne sadr\u017ei tujon, zato ga mogu konzumirati i trudnice i dojilje.<\/p>\n<p>Islandski li\u0161aj (Cetraria islandica)<br \/>\nZa pozitivne u\u010dinke islandskog li\u0161aja znali su jo\u0161 prvobitni \u017eitelji Islanda. Poznat i kao planinska mahovina raste prije svega u \u0161umama smreke sjevernih zemalja i na visokim planinskim pa\u0161njacima gdje je zrak naj\u010distiji.<\/p>\n<p>Vitamini<br \/>\nVitamin A i vitamin C doprinose normalnoj funkciji imunolo\u0161kog sustava.<\/p>\n<p>Vitamin A doprinosi odr\u017eavanju normalnih  sluznica.<\/p>\n<p>Na\u010din primjene: Preporu\u010dena dnevna doza jest 30 ml (6 \u017eli\u010dica po 5 ml). Odrasli: 2 \u017eli\u010dice 3 puta na dan. Djeca: 1 \u017eli\u010dica 3 puta na dan.<\/p>\n<p>Upozorenja: <br \/>\nZbog sastojaka prirodnog porijekla mo\u017ee do\u0107i do manjih odstupanja u sastavu i izgledu proizvoda. Proizvod sadr\u017ei prirodno prisutne \u0161e\u0107ere iz agavinog sirupa. Napomena: Preporu\u010dene dnevne doze ne smiju se prekora\u010diti. Dodatak prehrani nije nadomjestak ili zamjena uravnote\u017eenoj prehrani. \u010cuvati od dohvata male djece! Va\u017eno je pridr\u017eavati se raznovrsne i uravnote\u017eene prehrane i zdravog na\u010dina \u017eivota. <br \/>\nNa\u010din \u010duvanja:<br \/>\n\u010cuvati na tamnom i suhom mjestu pri sobnoj temperaturi do 25 \u00b0C.&quot;<\/p>\n","protected":false},"excerpt":{"rendered":"<p>Sadr\u017ei kadulju, islandski li\u0161aj, agavin sirup te vitamine A i C<br \/>\nVitamin A doprinosi odr\u017eavanju normalnih sluznica<br \/>\nVitamin A i vitamin C doprinose normalnoj funkciji imunolo\u0161kog sustava.<\/p>\n","protected":false},"featured_media":0,"template":"","meta":{"_seopress_robots_primary_cat":"","_seopress_titles_title":"","_seopress_titles_desc":"","_seopress_robots_index":"","iawp_total_views":0},"product_brand":[415],"product_cat":[268,269],"product_tag":[],"class_list":{"0":"post-41345","1":"product","2":"type-product","3":"status-publish","5":"product_brand-medex","6":"product_cat-kozmetika-2","7":"product_cat-zastita-koze-268","9":"first","10":"instock","11":"shipping-taxable","12":"purchasable","13":"product-type-simple"},"_links":{"self":[{"href":"https:\/\/singuli.wpress.me\/index.php\/wp-json\/wp\/v2\/product\/41345","targetHints":{"allow":["GET"]}}],"collection":[{"href":"https:\/\/singuli.wpress.me\/index.php\/wp-json\/wp\/v2\/product"}],"about":[{"href":"https:\/\/singuli.wpress.me\/index.php\/wp-json\/wp\/v2\/types\/product"}],"version-history":[{"count":0,"href":"https:\/\/singuli.wpress.me\/index.php\/wp-json\/wp\/v2\/product\/41345\/revisions"}],"wp:attachment":[{"href":"https:\/\/singuli.wpress.me\/index.php\/wp-json\/wp\/v2\/media?parent=41345"}],"wp:term":[{"taxonomy":"product_brand","embeddable":true,"href":"https:\/\/singuli.wpress.me\/index.php\/wp-json\/wp\/v2\/product_brand?post=41345"},{"taxonomy":"product_cat","embeddable":true,"href":"https:\/\/singuli.wpress.me\/index.php\/wp-json\/wp\/v2\/product_cat?post=41345"},{"taxonomy":"product_tag","embeddable":true,"href":"https:\/\/singuli.wpress.me\/index.php\/wp-json\/wp\/v2\/product_tag?post=41345"}],"curies":[{"name":"wp","href":"https:\/\/api.w.org\/{rel}","templated":true}]}}