{"id":41347,"date":"2026-04-19T15:21:13","date_gmt":"2026-04-19T15:21:13","guid":{"rendered":"https:\/\/singuli.wpress.me\/index.php\/proizvod\/borotalco-manneti-original-tekuci-sapun-250-ml\/"},"modified":"2026-04-20T12:33:36","modified_gmt":"2026-04-20T12:33:36","slug":"borotalco-manneti-original-tekuci-sapun-250-ml","status":"publish","type":"product","link":"https:\/\/singuli.wpress.me\/index.php\/proizvod\/borotalco-manneti-original-tekuci-sapun-250-ml\/","title":{"rendered":"BOROTALCO Manneti Original, teku\u0107i sapun, 250\u00a0ml"},"content":{"rendered":"<p>Jedinstveni Borotalco sapun koji brine o va\u0161im rukama \u010dine\u0107i ih mekim i bar\u0161unastim iz dana u dan:<\/p>\n<p>\u2013 hidratantna i kremasta formula<br \/>\n\u2013 sadr\u017ei emolijense prirodnog podrijetla<br \/>\n\u2013 po\u0161tuje prirodni pH ko\u017ee<br \/>\n\u2013 dermatolo\u0161ki testirano<\/p>\n<p>Osje\u0107aj Borotalco njege na ko\u017ei: iz dana u dan ko\u017ea je nevjerojatno meka i bar\u0161unasta.<\/p>\n","protected":false},"excerpt":{"rendered":"<p>Hidratantna i kremasta formula<br \/>\nSadr\u017ei emolijense prirodnog podrijetla<br \/>\nDermatolo\u0161ki testirano<\/p>\n","protected":false},"featured_media":0,"template":"","meta":{"_seopress_robots_primary_cat":"","_seopress_titles_title":"","_seopress_titles_desc":"","_seopress_robots_index":"","iawp_total_views":0},"product_brand":[484],"product_cat":[268,278],"product_tag":[],"class_list":{"0":"post-41347","1":"product","2":"type-product","3":"status-publish","5":"product_brand-borotalco","6":"product_cat-kozmetika-2","7":"product_cat-njega-tijela-268","9":"first","10":"outofstock","11":"shipping-taxable","12":"purchasable","13":"product-type-simple"},"_links":{"self":[{"href":"https:\/\/singuli.wpress.me\/index.php\/wp-json\/wp\/v2\/product\/41347","targetHints":{"allow":["GET"]}}],"collection":[{"href":"https:\/\/singuli.wpress.me\/index.php\/wp-json\/wp\/v2\/product"}],"about":[{"href":"https:\/\/singuli.wpress.me\/index.php\/wp-json\/wp\/v2\/types\/product"}],"version-history":[{"count":0,"href":"https:\/\/singuli.wpress.me\/index.php\/wp-json\/wp\/v2\/product\/41347\/revisions"}],"wp:attachment":[{"href":"https:\/\/singuli.wpress.me\/index.php\/wp-json\/wp\/v2\/media?parent=41347"}],"wp:term":[{"taxonomy":"product_brand","embeddable":true,"href":"https:\/\/singuli.wpress.me\/index.php\/wp-json\/wp\/v2\/product_brand?post=41347"},{"taxonomy":"product_cat","embeddable":true,"href":"https:\/\/singuli.wpress.me\/index.php\/wp-json\/wp\/v2\/product_cat?post=41347"},{"taxonomy":"product_tag","embeddable":true,"href":"https:\/\/singuli.wpress.me\/index.php\/wp-json\/wp\/v2\/product_tag?post=41347"}],"curies":[{"name":"wp","href":"https:\/\/api.w.org\/{rel}","templated":true}]}}