{"id":41360,"date":"2026-04-19T15:21:18","date_gmt":"2026-04-19T15:21:18","guid":{"rendered":"https:\/\/singuli.wpress.me\/index.php\/proizvod\/domo-do9215av-ovlazivac-zraka\/"},"modified":"2026-04-20T12:33:37","modified_gmt":"2026-04-20T12:33:37","slug":"domo-do9215av-ovlazivac-zraka","status":"publish","type":"product","link":"https:\/\/singuli.wpress.me\/index.php\/proizvod\/domo-do9215av-ovlazivac-zraka\/","title":{"rendered":"DOMO DO9215AV, ovla\u017eiva\u010d zraka"},"content":{"rendered":"<p>Aroma difuzor Domo DO9215AV pomo\u0107i \u0107e vam da postignete najbolju atmosferu u domu. Njegovom upotrebom ne samo da prikriva miris, ve\u0107 svojim mirisom potpuno do\u010darava mirnu atmosferu, idealnu za opu\u0161tanje. tako\u0111er ima zamjetan u\u010dinak na ovla\u017eivanje zraka, zbog \u010dega dobro prodi\u0161e u prostoriji. Ima vrlo dobru izdr\u017eljivost zahvaljuju\u0107i spremniku za vodu od 200 ml.<br \/>\nOva aromaterapija na bazi eteri\u010dnih ulja opremljena je LED rasvjetom koja nudi difuziju nekoliko razli\u010ditih boja. Umiruje tijelo i um za blagi osje\u0107aj opu\u0161tenosti i blagostanja. Dizajn, drvena imitacija postolja s kerami\u010dkim pokrovom.<\/p>\n","protected":false},"excerpt":{"rendered":"<p>Za aromaterapiju na bazi esencijalnih ulja<br \/>\nAutomatsko isklju\u010divanje kada jespremnik prazan<br \/>\nvarijabilno LED pozadinsko osvjetljenje<\/p>\n","protected":false},"featured_media":0,"template":"","meta":{"_seopress_robots_primary_cat":"","_seopress_titles_title":"","_seopress_titles_desc":"","_seopress_robots_index":"","iawp_total_views":0},"product_brand":[255],"product_cat":[184,160],"product_tag":[],"class_list":{"0":"post-41360","1":"product","2":"type-product","3":"status-publish","5":"product_brand-domo","6":"product_cat-kvaliteta-zraka-i-grijanje","7":"product_cat-mali-kucanski-aparati","9":"first","10":"outofstock","11":"shipping-taxable","12":"purchasable","13":"product-type-simple"},"_links":{"self":[{"href":"https:\/\/singuli.wpress.me\/index.php\/wp-json\/wp\/v2\/product\/41360","targetHints":{"allow":["GET"]}}],"collection":[{"href":"https:\/\/singuli.wpress.me\/index.php\/wp-json\/wp\/v2\/product"}],"about":[{"href":"https:\/\/singuli.wpress.me\/index.php\/wp-json\/wp\/v2\/types\/product"}],"version-history":[{"count":0,"href":"https:\/\/singuli.wpress.me\/index.php\/wp-json\/wp\/v2\/product\/41360\/revisions"}],"wp:attachment":[{"href":"https:\/\/singuli.wpress.me\/index.php\/wp-json\/wp\/v2\/media?parent=41360"}],"wp:term":[{"taxonomy":"product_brand","embeddable":true,"href":"https:\/\/singuli.wpress.me\/index.php\/wp-json\/wp\/v2\/product_brand?post=41360"},{"taxonomy":"product_cat","embeddable":true,"href":"https:\/\/singuli.wpress.me\/index.php\/wp-json\/wp\/v2\/product_cat?post=41360"},{"taxonomy":"product_tag","embeddable":true,"href":"https:\/\/singuli.wpress.me\/index.php\/wp-json\/wp\/v2\/product_tag?post=41360"}],"curies":[{"name":"wp","href":"https:\/\/api.w.org\/{rel}","templated":true}]}}