{"id":41365,"date":"2026-04-19T15:21:19","date_gmt":"2026-04-19T15:21:19","guid":{"rendered":"https:\/\/singuli.wpress.me\/index.php\/proizvod\/revlon-salon-cetka-za-kosu-2u1-titanium\/"},"modified":"2026-04-21T00:27:09","modified_gmt":"2026-04-21T00:27:09","slug":"revlon-salon-cetka-za-kosu-2u1-titanium","status":"publish","type":"product","link":"https:\/\/singuli.wpress.me\/index.php\/proizvod\/revlon-salon-cetka-za-kosu-2u1-titanium\/","title":{"rendered":"REVLON, salon \u010detka za kosu 2u1, titanium"},"content":{"rendered":"<p>Pove\u0107ajte volumen i sjaj s premium \u010detkom od titana<\/p>\n<p>Ovalni promjer \u010detke jednak promjeru trenutne \u010detke<br \/>\nJedinstveni oblik ima nje\u017eno zakrivljene stranice savr\u0161ene da se pribli\u017ee korijenima radi dodatnog volumena, glatkih rezultata izravnavanja i lijepo uvijenih krajeva, savr\u0161eno za dugu kosu<\/p>\n<p>Manje vremena, manje o\u0161te\u0107enja<br \/>\nDizajniran za brzu i vremensku raspodjelu zraka na kosu kako bi se su\u0161io i br\u017ee oblikovao za manje o\u0161te\u0107enja od topline<\/p>\n<p>Mje\u0161ovite \u010dekinje<br \/>\nNajlonske \u010dekinje s udobnim vrhovima kuglica za nje\u017eno odvajanje kose. Mje\u0161ovite najlonske igle i dlake poma\u017eu uhvatiti kosu na zakrivljenom rubu za pobolj\u0161ani volumen i kontrolu za glatke, sjajne rezultate<\/p>\n<p>IONIC tehnologija<br \/>\nNegativni ioni poma\u017eu u odr\u017eavanju prirodnog naboja na povr\u0161ini dlake, ostavljaju\u0107i kosu izgledom kondicioniranom i glatkom, dok poma\u017eu smanjiti kovr\u010danje i stati\u010dnost za zdravu sjajnu kosu<\/p>\n<p>Prevlaka od titana<br \/>\nZa dugotrajne rezultate i vidljiviji sjaj<\/p>\n<p>3 postavke topline uklju\u010duju hladan dodir<br \/>\nZa potpuno fleksibilno su\u0161enje i oblikovanje<\/p>\n<p>Dodaci:<br \/>\n&#8211; putna torbica i posebna kutija<br \/>\n&#8211; dvostruki utika\u010d adapter EU \/ UK<\/p>\n<p>Idealno za putovanja, lako se prebacite na drugi utika\u010d<br \/>\nOkretni kabel od 3 m bez zapletanja<\/p>\n","protected":false},"excerpt":{"rendered":"<p>Za su\u0161enje kose i pove\u0107anje volumena u jednom koraku<br \/>\nIonska tehnologija smanjuje pojavu kovr\u010dave kose<br \/>\nOkretni kabel koji se ne petlja<\/p>\n","protected":false},"featured_media":0,"template":"","meta":{"_seopress_robots_primary_cat":"","_seopress_titles_title":"","_seopress_titles_desc":"","_seopress_robots_index":"","iawp_total_views":0},"product_brand":[155],"product_cat":[322,268,321],"product_tag":[],"class_list":{"0":"post-41365","1":"product","2":"type-product","3":"status-publish","5":"product_brand-revlon","6":"product_cat-cetke-za-kosu-321","7":"product_cat-kozmetika-2","8":"product_cat-njega-za-zene-268","10":"first","11":"outofstock","12":"shipping-taxable","13":"purchasable","14":"product-type-simple"},"_links":{"self":[{"href":"https:\/\/singuli.wpress.me\/index.php\/wp-json\/wp\/v2\/product\/41365","targetHints":{"allow":["GET"]}}],"collection":[{"href":"https:\/\/singuli.wpress.me\/index.php\/wp-json\/wp\/v2\/product"}],"about":[{"href":"https:\/\/singuli.wpress.me\/index.php\/wp-json\/wp\/v2\/types\/product"}],"version-history":[{"count":0,"href":"https:\/\/singuli.wpress.me\/index.php\/wp-json\/wp\/v2\/product\/41365\/revisions"}],"wp:attachment":[{"href":"https:\/\/singuli.wpress.me\/index.php\/wp-json\/wp\/v2\/media?parent=41365"}],"wp:term":[{"taxonomy":"product_brand","embeddable":true,"href":"https:\/\/singuli.wpress.me\/index.php\/wp-json\/wp\/v2\/product_brand?post=41365"},{"taxonomy":"product_cat","embeddable":true,"href":"https:\/\/singuli.wpress.me\/index.php\/wp-json\/wp\/v2\/product_cat?post=41365"},{"taxonomy":"product_tag","embeddable":true,"href":"https:\/\/singuli.wpress.me\/index.php\/wp-json\/wp\/v2\/product_tag?post=41365"}],"curies":[{"name":"wp","href":"https:\/\/api.w.org\/{rel}","templated":true}]}}