{"id":41368,"date":"2026-04-19T15:21:21","date_gmt":"2026-04-19T15:21:21","guid":{"rendered":"https:\/\/singuli.wpress.me\/index.php\/proizvod\/encanto-plisana-igracka-encanto-mirabel\/"},"modified":"2026-04-21T00:27:09","modified_gmt":"2026-04-21T00:27:09","slug":"encanto-plisana-igracka-encanto-mirabel","status":"publish","type":"product","link":"https:\/\/singuli.wpress.me\/index.php\/proizvod\/encanto-plisana-igracka-encanto-mirabel\/","title":{"rendered":"ENCANTO, pli\u0161ana igra\u010dka, Encanto Mirabel"},"content":{"rendered":"<p>Savr\u0161eno dru\u0161tvo za va\u0161e najmla\u0111e &#8211; izvanredna Mirabel iz hita Encanto! <\/p>\n<p>Prekrasna pli\u0161ana igra\u010dka sa detaljima, bit \u0107e super dru\u0161tvo svakom mali\u0161anu. Magija je bli\u017ee nego \u0161to misli\u0161.<\/p>\n<p>Veli\u010dina 25 cm.<\/p>\n","protected":false},"excerpt":{"rendered":"<p>Izvanredna Mirabel iz hita Encanto<br \/>\nIgra\u010dka sa jako puno detalja<br \/>\nVeli\u010dina igra\u010dke 25cm<\/p>\n","protected":false},"featured_media":0,"template":"","meta":{"_seopress_robots_primary_cat":"","_seopress_titles_title":"","_seopress_titles_desc":"","_seopress_robots_index":"","iawp_total_views":0},"product_brand":[863],"product_cat":[221,291],"product_tag":[],"class_list":{"0":"post-41368","1":"product","2":"type-product","3":"status-publish","5":"product_brand-encanto","6":"product_cat-igracke","7":"product_cat-igracke-za-djecu-221","9":"first","10":"instock","11":"shipping-taxable","12":"purchasable","13":"product-type-simple"},"_links":{"self":[{"href":"https:\/\/singuli.wpress.me\/index.php\/wp-json\/wp\/v2\/product\/41368","targetHints":{"allow":["GET"]}}],"collection":[{"href":"https:\/\/singuli.wpress.me\/index.php\/wp-json\/wp\/v2\/product"}],"about":[{"href":"https:\/\/singuli.wpress.me\/index.php\/wp-json\/wp\/v2\/types\/product"}],"version-history":[{"count":0,"href":"https:\/\/singuli.wpress.me\/index.php\/wp-json\/wp\/v2\/product\/41368\/revisions"}],"wp:attachment":[{"href":"https:\/\/singuli.wpress.me\/index.php\/wp-json\/wp\/v2\/media?parent=41368"}],"wp:term":[{"taxonomy":"product_brand","embeddable":true,"href":"https:\/\/singuli.wpress.me\/index.php\/wp-json\/wp\/v2\/product_brand?post=41368"},{"taxonomy":"product_cat","embeddable":true,"href":"https:\/\/singuli.wpress.me\/index.php\/wp-json\/wp\/v2\/product_cat?post=41368"},{"taxonomy":"product_tag","embeddable":true,"href":"https:\/\/singuli.wpress.me\/index.php\/wp-json\/wp\/v2\/product_tag?post=41368"}],"curies":[{"name":"wp","href":"https:\/\/api.w.org\/{rel}","templated":true}]}}