{"id":41372,"date":"2026-04-19T15:21:23","date_gmt":"2026-04-19T15:21:23","guid":{"rendered":"https:\/\/singuli.wpress.me\/index.php\/proizvod\/sdf-motorno-ulje-utto-20-l\/"},"modified":"2026-04-20T12:33:37","modified_gmt":"2026-04-20T12:33:37","slug":"sdf-motorno-ulje-utto-20-l","status":"publish","type":"product","link":"https:\/\/singuli.wpress.me\/index.php\/proizvod\/sdf-motorno-ulje-utto-20-l\/","title":{"rendered":"SDF, motorno ulje, UTTO, 20\u00a0l"},"content":{"rendered":"<p>Visokokvalitetno univerzalno transmisijsko ulje za primjenu u poljoprivrednim strojevima, dizajnirano za upotrebu u mjenja\u010dima s integriranim hidrauli\u010dkim sustavima, transmisijama, glavni pogonski prijenosnici, mokre ko\u010dnice, prednjim diferencijalima i drugim pomo\u0107nim sustavima ugra\u0111enim u sve traktore Same Deutz-Fahr, ali i druge marke traktora. Osigurava najbolju za\u0161titu, izvrsnu osidacijsku stabilnost, za\u0161tita proziv tro\u0161enja, korozije i pjenjenja koje dovode do ve\u0107e pouzdanosti i smanjenog vremena zastoja kako bi se smanjili tro\u0161kovi i maksimizirala iskoristivost. <\/p>\n<p>Specifikacije i odobrenja: SAE J 300 10W30, SAE J 306 85W, API Gear Performance API GL-4,  Ford New Holland M2C-134D, FNHA-2-D.201.00, John Deere JDM-J20C, Massey-Ferguson CMS 1143, 1145, ZF TE-ML 03E, 05F, 06B, 06D, 06F<\/p>\n","protected":false},"excerpt":{"rendered":"<p>Osigurava najbolju za\u0161titu, izvrsnu osidacijsku stabilnost, za\u0161tita protiv tro\u0161enja, korozije i pjenjenja koje dovode do ve\u0107e pouzdanosti i smanjenog vremena zastoja kako bi se smanjili tro\u0161kovi i maksimizirala iskoristivost.<br \/>\nVisokokvalitetno univerzalno traktorsko transmisijsko ulje (UTTO) dizajnirano za upotrebu u mjenja\u010dima s integriranim hidrauli\u010dkim sustavima<br \/>\nDizajnirano za upotrebu u mjenja\u010dima s integriranim hidrauli\u010dkim sustavima, transmisijama, glavni pogonski prijenosnici, mokre ko\u010dnice, prednjim diferencijalima i drugim pomo\u0107nim sustavima<\/p>\n","protected":false},"featured_media":0,"template":"","meta":{"_seopress_robots_primary_cat":"","_seopress_titles_title":"","_seopress_titles_desc":"","_seopress_robots_index":"","iawp_total_views":0},"product_brand":[816],"product_cat":[243,276],"product_tag":[],"class_list":{"0":"post-41372","1":"product","2":"type-product","3":"status-publish","5":"product_brand-sdf","6":"product_cat-automobili-i-motori","7":"product_cat-industrijska-i-specijalna-ulja-243","9":"first","10":"instock","11":"shipping-taxable","12":"purchasable","13":"product-type-simple"},"_links":{"self":[{"href":"https:\/\/singuli.wpress.me\/index.php\/wp-json\/wp\/v2\/product\/41372","targetHints":{"allow":["GET"]}}],"collection":[{"href":"https:\/\/singuli.wpress.me\/index.php\/wp-json\/wp\/v2\/product"}],"about":[{"href":"https:\/\/singuli.wpress.me\/index.php\/wp-json\/wp\/v2\/types\/product"}],"version-history":[{"count":0,"href":"https:\/\/singuli.wpress.me\/index.php\/wp-json\/wp\/v2\/product\/41372\/revisions"}],"wp:attachment":[{"href":"https:\/\/singuli.wpress.me\/index.php\/wp-json\/wp\/v2\/media?parent=41372"}],"wp:term":[{"taxonomy":"product_brand","embeddable":true,"href":"https:\/\/singuli.wpress.me\/index.php\/wp-json\/wp\/v2\/product_brand?post=41372"},{"taxonomy":"product_cat","embeddable":true,"href":"https:\/\/singuli.wpress.me\/index.php\/wp-json\/wp\/v2\/product_cat?post=41372"},{"taxonomy":"product_tag","embeddable":true,"href":"https:\/\/singuli.wpress.me\/index.php\/wp-json\/wp\/v2\/product_tag?post=41372"}],"curies":[{"name":"wp","href":"https:\/\/api.w.org\/{rel}","templated":true}]}}