{"id":41385,"date":"2026-04-19T15:21:27","date_gmt":"2026-04-19T15:21:27","guid":{"rendered":"https:\/\/singuli.wpress.me\/index.php\/proizvod\/jacobs-monarch-instant-napitak-100-g\/"},"modified":"2026-04-20T12:33:37","modified_gmt":"2026-04-20T12:33:37","slug":"jacobs-monarch-instant-napitak-100-g","status":"publish","type":"product","link":"https:\/\/singuli.wpress.me\/index.php\/proizvod\/jacobs-monarch-instant-napitak-100-g\/","title":{"rendered":"JACOBS Monarch, instant napitak, 100\u00a0g"},"content":{"rendered":"<p>Fino mljevena pr\u017eena kava.<\/p>\n<p>Tajna Jacobs Monarch mljevene kave je u pomno odabranim zrnima koja rastu u Latinskoj Americi i Aziji.<\/p>\n<p>Zrna kave pr\u017eena su na poseban na\u010din, a rezulat je kava bogata okusom i mirisom.<\/p>\n<p>Priprema: Zagrijte vodu u posudi. Kada voda prokuha, sklonite posudu. Dodajte 3 \u017eli\u010dice kave i promije\u0161ajte. Ponovno postavite posudu na grija\u0107e tijelo i pri\u010dekajte da se sadr\u017eaj lagano podigne.&quot;<\/p>\n","protected":false},"excerpt":{"rendered":"<p>Fino mljevena kava savr\u0161ena za pripremu turske kave<br \/>\nMje\u0161avina dobivena od najkvalitetnijih zrna kave<br \/>\nU\u017eivajte u \u010daroliji Jacobsovog okusa u svakoj \u0161alici<\/p>\n","protected":false},"featured_media":0,"template":"","meta":{"_seopress_robots_primary_cat":"","_seopress_titles_title":"","_seopress_titles_desc":"","_seopress_robots_index":"","iawp_total_views":0},"product_brand":[419],"product_cat":[261,275],"product_tag":[],"class_list":{"0":"post-41385","1":"product","2":"type-product","3":"status-publish","5":"product_brand-jacobs","6":"product_cat-hrana-i-pice","7":"product_cat-kava-i-cajevi-261","9":"first","10":"instock","11":"shipping-taxable","12":"purchasable","13":"product-type-simple"},"_links":{"self":[{"href":"https:\/\/singuli.wpress.me\/index.php\/wp-json\/wp\/v2\/product\/41385","targetHints":{"allow":["GET"]}}],"collection":[{"href":"https:\/\/singuli.wpress.me\/index.php\/wp-json\/wp\/v2\/product"}],"about":[{"href":"https:\/\/singuli.wpress.me\/index.php\/wp-json\/wp\/v2\/types\/product"}],"version-history":[{"count":0,"href":"https:\/\/singuli.wpress.me\/index.php\/wp-json\/wp\/v2\/product\/41385\/revisions"}],"wp:attachment":[{"href":"https:\/\/singuli.wpress.me\/index.php\/wp-json\/wp\/v2\/media?parent=41385"}],"wp:term":[{"taxonomy":"product_brand","embeddable":true,"href":"https:\/\/singuli.wpress.me\/index.php\/wp-json\/wp\/v2\/product_brand?post=41385"},{"taxonomy":"product_cat","embeddable":true,"href":"https:\/\/singuli.wpress.me\/index.php\/wp-json\/wp\/v2\/product_cat?post=41385"},{"taxonomy":"product_tag","embeddable":true,"href":"https:\/\/singuli.wpress.me\/index.php\/wp-json\/wp\/v2\/product_tag?post=41385"}],"curies":[{"name":"wp","href":"https:\/\/api.w.org\/{rel}","templated":true}]}}