{"id":41405,"date":"2026-04-19T15:21:33","date_gmt":"2026-04-19T15:21:33","guid":{"rendered":"https:\/\/singuli.wpress.me\/index.php\/proizvod\/jar-extra-citrus-tekuci-deterdzent-za-pranje-suda-650-ml\/"},"modified":"2026-04-20T12:33:37","modified_gmt":"2026-04-20T12:33:37","slug":"jar-extra-citrus-tekuci-deterdzent-za-pranje-suda-650-ml","status":"publish","type":"product","link":"https:\/\/singuli.wpress.me\/index.php\/proizvod\/jar-extra-citrus-tekuci-deterdzent-za-pranje-suda-650-ml\/","title":{"rendered":"JAR Extra+ Citrus, teku\u0107i deterd\u017eent za pranje su\u0111a, 650\u00a0ml"},"content":{"rendered":"<p>Teku\u0107i deterd\u017eent za pranje posu\u0111a Jar Extra+ mo\u0107no uklanja tvrdokornu masno\u0107u i tako omogu\u0107uje brzo i lako pranje posu\u0111a dok mirisna varijanta Citrus istovremeno uga\u0111a va\u0161im osjetilima.<\/p>\n","protected":false},"excerpt":{"rendered":"<p>U\u010dinkovito pranje koje uklanja masne ostatke hrane<br \/>\nEkstra dugotrajna pjena iz svake kapi<br \/>\nBogata formula za blistavo \u010disto posu\u0111e, sna\u017eno odma\u0161\u0107ivanje<\/p>\n","protected":false},"featured_media":0,"template":"","meta":{"_seopress_robots_primary_cat":"","_seopress_titles_title":"","_seopress_titles_desc":"","_seopress_robots_index":"","iawp_total_views":0},"product_brand":[454],"product_cat":[314,238],"product_tag":[],"class_list":{"0":"post-41405","1":"product","2":"type-product","3":"status-publish","5":"product_brand-jar","6":"product_cat-pranje-posuda-238","7":"product_cat-sve-za-dom","9":"first","10":"instock","11":"shipping-taxable","12":"purchasable","13":"product-type-simple"},"_links":{"self":[{"href":"https:\/\/singuli.wpress.me\/index.php\/wp-json\/wp\/v2\/product\/41405","targetHints":{"allow":["GET"]}}],"collection":[{"href":"https:\/\/singuli.wpress.me\/index.php\/wp-json\/wp\/v2\/product"}],"about":[{"href":"https:\/\/singuli.wpress.me\/index.php\/wp-json\/wp\/v2\/types\/product"}],"version-history":[{"count":0,"href":"https:\/\/singuli.wpress.me\/index.php\/wp-json\/wp\/v2\/product\/41405\/revisions"}],"wp:attachment":[{"href":"https:\/\/singuli.wpress.me\/index.php\/wp-json\/wp\/v2\/media?parent=41405"}],"wp:term":[{"taxonomy":"product_brand","embeddable":true,"href":"https:\/\/singuli.wpress.me\/index.php\/wp-json\/wp\/v2\/product_brand?post=41405"},{"taxonomy":"product_cat","embeddable":true,"href":"https:\/\/singuli.wpress.me\/index.php\/wp-json\/wp\/v2\/product_cat?post=41405"},{"taxonomy":"product_tag","embeddable":true,"href":"https:\/\/singuli.wpress.me\/index.php\/wp-json\/wp\/v2\/product_tag?post=41405"}],"curies":[{"name":"wp","href":"https:\/\/api.w.org\/{rel}","templated":true}]}}