{"id":41413,"date":"2026-04-19T15:21:35","date_gmt":"2026-04-19T15:21:35","guid":{"rendered":"https:\/\/singuli.wpress.me\/index.php\/proizvod\/bison-lak-za-emajl-20-ml\/"},"modified":"2026-04-21T00:27:09","modified_gmt":"2026-04-21T00:27:09","slug":"bison-lak-za-emajl-20-ml","status":"publish","type":"product","link":"https:\/\/singuli.wpress.me\/index.php\/proizvod\/bison-lak-za-emajl-20-ml\/","title":{"rendered":"BISON, lak, za emajl, 20\u00a0ml"},"content":{"rendered":"<p>Bijela, sjajna teku\u0107ina za popravak o\u0161te\u0107enog emajla i laka, npr. na sudoperu, kadi, tu\u0161 kabini, hladnjaku, perilici rublja, plinskom \u0161tednjaku, su\u0161ilici, plo\u010dicama, zemljanom i porculanskom posu\u0111u te keramici.<\/p>\n","protected":false},"excerpt":{"rendered":"<p>Otporno na kemikalije i vremenske uvjete<br \/>\nOtporna na vru\u0107u vodu +80 \u00b0C<br \/>\nIzvrsno prekriva<\/p>\n","protected":false},"featured_media":0,"template":"","meta":{"_seopress_robots_primary_cat":"","_seopress_titles_title":"","_seopress_titles_desc":"","_seopress_robots_index":"","iawp_total_views":0},"product_brand":[494],"product_cat":[264,238],"product_tag":[],"class_list":{"0":"post-41413","1":"product","2":"type-product","3":"status-publish","5":"product_brand-bison","6":"product_cat-ljepila-i-brtvila-238","7":"product_cat-sve-za-dom","9":"first","10":"instock","11":"shipping-taxable","12":"purchasable","13":"product-type-simple"},"_links":{"self":[{"href":"https:\/\/singuli.wpress.me\/index.php\/wp-json\/wp\/v2\/product\/41413","targetHints":{"allow":["GET"]}}],"collection":[{"href":"https:\/\/singuli.wpress.me\/index.php\/wp-json\/wp\/v2\/product"}],"about":[{"href":"https:\/\/singuli.wpress.me\/index.php\/wp-json\/wp\/v2\/types\/product"}],"version-history":[{"count":0,"href":"https:\/\/singuli.wpress.me\/index.php\/wp-json\/wp\/v2\/product\/41413\/revisions"}],"wp:attachment":[{"href":"https:\/\/singuli.wpress.me\/index.php\/wp-json\/wp\/v2\/media?parent=41413"}],"wp:term":[{"taxonomy":"product_brand","embeddable":true,"href":"https:\/\/singuli.wpress.me\/index.php\/wp-json\/wp\/v2\/product_brand?post=41413"},{"taxonomy":"product_cat","embeddable":true,"href":"https:\/\/singuli.wpress.me\/index.php\/wp-json\/wp\/v2\/product_cat?post=41413"},{"taxonomy":"product_tag","embeddable":true,"href":"https:\/\/singuli.wpress.me\/index.php\/wp-json\/wp\/v2\/product_tag?post=41413"}],"curies":[{"name":"wp","href":"https:\/\/api.w.org\/{rel}","templated":true}]}}