{"id":41438,"date":"2026-04-19T15:21:45","date_gmt":"2026-04-19T15:21:45","guid":{"rendered":"https:\/\/singuli.wpress.me\/index.php\/proizvod\/glade-aromatherapy-punjenje-za-difuzor-lavandin-i-sandalovina-17-4-ml\/"},"modified":"2026-04-20T12:33:37","modified_gmt":"2026-04-20T12:33:37","slug":"glade-aromatherapy-punjenje-za-difuzor-lavandin-i-sandalovina-17-4-ml","status":"publish","type":"product","link":"https:\/\/singuli.wpress.me\/index.php\/proizvod\/glade-aromatherapy-punjenje-za-difuzor-lavandin-i-sandalovina-17-4-ml\/","title":{"rendered":"GLADE Aromatherapy, punjenje za difuzor, lavandin i sandalovina, 17.4\u00a0ml"},"content":{"rendered":"<p>Glade\u00ae Aromatherapy Cool Mist Diffuser Moment of Zen punjenje za difuzor umiruje i poti\u010de vas da uspostavite duhovni sklad uz senzualnu mje\u0161avinu biljnog francuskog lavandina i kremaste australske sandalovine. <\/p>\n<p>Osigurajte domu da postane oaza mira! Pouzdana svje\u017eina u novom formatu sadr\u017ei dvostruku mje\u0161avinu premium esencijalnih ulja, a va\u0161 dom postat \u0107e mirisna oaza do \u010dak 60 dana. <\/p>\n<p>Punjenje je spremno za kori\u0161tenje i nije ga potrebno mije\u0161ati s vodom. <\/p>\n<p>Ova formula ne sadr\u017ei parabene, ftalate, nitro mo\u0161us, boje ili umjetna bojila. <\/p>\n<p>Pakiranje kartona izra\u0111eno je od 60 % kori\u0161tenog recikliranog papira i mo\u017ee se reciklirati.<\/p>\n","protected":false},"excerpt":{"rendered":"<p>Miris lavandina i sandalovine<br \/>\nOboga\u0107eno dvostrukom mje\u0161avinom esencijalnih ulja<br \/>\nDo 60 dana mirisa<\/p>\n","protected":false},"featured_media":0,"template":"","meta":{"_seopress_robots_primary_cat":"","_seopress_titles_title":"","_seopress_titles_desc":"","_seopress_robots_index":"","iawp_total_views":0},"product_brand":[405],"product_cat":[294,238],"product_tag":[],"class_list":{"0":"post-41438","1":"product","2":"type-product","3":"status-publish","5":"product_brand-glade","6":"product_cat-osvjezivaci-zraka-238","7":"product_cat-sve-za-dom","9":"first","10":"outofstock","11":"shipping-taxable","12":"purchasable","13":"product-type-simple"},"_links":{"self":[{"href":"https:\/\/singuli.wpress.me\/index.php\/wp-json\/wp\/v2\/product\/41438","targetHints":{"allow":["GET"]}}],"collection":[{"href":"https:\/\/singuli.wpress.me\/index.php\/wp-json\/wp\/v2\/product"}],"about":[{"href":"https:\/\/singuli.wpress.me\/index.php\/wp-json\/wp\/v2\/types\/product"}],"version-history":[{"count":0,"href":"https:\/\/singuli.wpress.me\/index.php\/wp-json\/wp\/v2\/product\/41438\/revisions"}],"wp:attachment":[{"href":"https:\/\/singuli.wpress.me\/index.php\/wp-json\/wp\/v2\/media?parent=41438"}],"wp:term":[{"taxonomy":"product_brand","embeddable":true,"href":"https:\/\/singuli.wpress.me\/index.php\/wp-json\/wp\/v2\/product_brand?post=41438"},{"taxonomy":"product_cat","embeddable":true,"href":"https:\/\/singuli.wpress.me\/index.php\/wp-json\/wp\/v2\/product_cat?post=41438"},{"taxonomy":"product_tag","embeddable":true,"href":"https:\/\/singuli.wpress.me\/index.php\/wp-json\/wp\/v2\/product_tag?post=41438"}],"curies":[{"name":"wp","href":"https:\/\/api.w.org\/{rel}","templated":true}]}}