{"id":41458,"date":"2026-04-19T15:21:50","date_gmt":"2026-04-19T15:21:50","guid":{"rendered":"https:\/\/singuli.wpress.me\/index.php\/proizvod\/dr-oetker-galetta-okus-vanilija-85-g\/"},"modified":"2026-04-20T12:33:37","modified_gmt":"2026-04-20T12:33:37","slug":"dr-oetker-galetta-okus-vanilija-85-g","status":"publish","type":"product","link":"https:\/\/singuli.wpress.me\/index.php\/proizvod\/dr-oetker-galetta-okus-vanilija-85-g\/","title":{"rendered":"DR. OETKER, galetta, okus vanilija, 85\u00a0g"},"content":{"rendered":"<p>U\u017eivati u okusu pudinga na najbr\u017ei na\u010din: Dr.\u00a0Oetker Galetta \u2013 kremasti puding s okusom vanilije u samo 3 minute i bez kuhanja. <\/p>\n<p>Jednostavno pomije\u0161ajte Galettu s hladnim mlijekom i za 3 minute je ve\u0107 spremno. <\/p>\n<p>\u010cista u\u017eivancija, i onda kad treba i\u0107i malo br\u017ee.<\/p>\n<p>Skladi\u0161tenje:\u00a0\u010cuvati na hladnom i suhom<\/p>\n","protected":false},"excerpt":{"rendered":"<p>Bez kuhanja<br \/>\nPriprema 3 minute<br \/>\nOkus vanilija<\/p>\n","protected":false},"featured_media":0,"template":"","meta":{"_seopress_robots_primary_cat":"","_seopress_titles_title":"","_seopress_titles_desc":"","_seopress_robots_index":"","iawp_total_views":0},"product_brand":[328],"product_cat":[261,270],"product_tag":[],"class_list":{"0":"post-41458","1":"product","2":"type-product","3":"status-publish","5":"product_brand-dr-oetker","6":"product_cat-hrana-i-pice","7":"product_cat-slasticarstvo-261","9":"first","10":"outofstock","11":"shipping-taxable","12":"purchasable","13":"product-type-simple"},"_links":{"self":[{"href":"https:\/\/singuli.wpress.me\/index.php\/wp-json\/wp\/v2\/product\/41458","targetHints":{"allow":["GET"]}}],"collection":[{"href":"https:\/\/singuli.wpress.me\/index.php\/wp-json\/wp\/v2\/product"}],"about":[{"href":"https:\/\/singuli.wpress.me\/index.php\/wp-json\/wp\/v2\/types\/product"}],"version-history":[{"count":0,"href":"https:\/\/singuli.wpress.me\/index.php\/wp-json\/wp\/v2\/product\/41458\/revisions"}],"wp:attachment":[{"href":"https:\/\/singuli.wpress.me\/index.php\/wp-json\/wp\/v2\/media?parent=41458"}],"wp:term":[{"taxonomy":"product_brand","embeddable":true,"href":"https:\/\/singuli.wpress.me\/index.php\/wp-json\/wp\/v2\/product_brand?post=41458"},{"taxonomy":"product_cat","embeddable":true,"href":"https:\/\/singuli.wpress.me\/index.php\/wp-json\/wp\/v2\/product_cat?post=41458"},{"taxonomy":"product_tag","embeddable":true,"href":"https:\/\/singuli.wpress.me\/index.php\/wp-json\/wp\/v2\/product_tag?post=41458"}],"curies":[{"name":"wp","href":"https:\/\/api.w.org\/{rel}","templated":true}]}}