{"id":41469,"date":"2026-04-19T15:21:52","date_gmt":"2026-04-19T15:21:52","guid":{"rendered":"https:\/\/singuli.wpress.me\/index.php\/proizvod\/helix-hx7-10w40-motorno-ulje-za-osobna-vozila-20-l\/"},"modified":"2026-04-21T00:27:10","modified_gmt":"2026-04-21T00:27:10","slug":"helix-hx7-10w40-motorno-ulje-za-osobna-vozila-20-l","status":"publish","type":"product","link":"https:\/\/singuli.wpress.me\/index.php\/proizvod\/helix-hx7-10w40-motorno-ulje-za-osobna-vozila-20-l\/","title":{"rendered":"HELIX HX7 10W40, motorno ulje za osobna vozila, 20\u00a0l"},"content":{"rendered":"<p>Motorno ulje sinteti\u010dke tehnologije \u2013 poma\u017ee u odr\u017eavanju \u010disto\u0107e i u\u010dinkovitosti rada motora. Pogodan je za \u0161irok izbor modernih vozila koja se koriste u zahtjevnim prometnim uvjetima. Prikladno koristiti za benzinske motore s turbopunja\u010dem i izravnim ubrizgavanjem koji su osjetljivi na LSPI efekt (preuranjeno paljenje pri niskom broju okretaja i velikom optere\u0107enju).<\/p>\n<p><span style=\"font-weight: bold\">Specifikacija: <\/span>API SN PLUS, API SN, ACEA: A3\/B4, MB odobrenje: 229.3, VW: 501.01\/505.00, Renault: RN 0700, 0710.<\/p>\n","protected":false},"excerpt":{"rendered":"<p>Odr\u017eava \u010disto\u0107u motora<br \/>\nPogodan je za \u0161irok izbor modernih vozila koja se koriste u zahtjevnim prometnim uvjetima<br \/>\nPrikladno koristiti za benzinske motore s turbopunja\u010dem i izravnim ubrizgavanjem<\/p>\n","protected":false},"featured_media":0,"template":"","meta":{"_seopress_robots_primary_cat":"","_seopress_titles_title":"","_seopress_titles_desc":"","_seopress_robots_index":"","iawp_total_views":0},"product_brand":[398],"product_cat":[243,272],"product_tag":[],"class_list":{"0":"post-41469","1":"product","2":"type-product","3":"status-publish","5":"product_brand-helix","6":"product_cat-automobili-i-motori","7":"product_cat-motorna-ulja-243","9":"first","10":"instock","11":"shipping-taxable","12":"purchasable","13":"product-type-simple"},"_links":{"self":[{"href":"https:\/\/singuli.wpress.me\/index.php\/wp-json\/wp\/v2\/product\/41469","targetHints":{"allow":["GET"]}}],"collection":[{"href":"https:\/\/singuli.wpress.me\/index.php\/wp-json\/wp\/v2\/product"}],"about":[{"href":"https:\/\/singuli.wpress.me\/index.php\/wp-json\/wp\/v2\/types\/product"}],"version-history":[{"count":0,"href":"https:\/\/singuli.wpress.me\/index.php\/wp-json\/wp\/v2\/product\/41469\/revisions"}],"wp:attachment":[{"href":"https:\/\/singuli.wpress.me\/index.php\/wp-json\/wp\/v2\/media?parent=41469"}],"wp:term":[{"taxonomy":"product_brand","embeddable":true,"href":"https:\/\/singuli.wpress.me\/index.php\/wp-json\/wp\/v2\/product_brand?post=41469"},{"taxonomy":"product_cat","embeddable":true,"href":"https:\/\/singuli.wpress.me\/index.php\/wp-json\/wp\/v2\/product_cat?post=41469"},{"taxonomy":"product_tag","embeddable":true,"href":"https:\/\/singuli.wpress.me\/index.php\/wp-json\/wp\/v2\/product_tag?post=41469"}],"curies":[{"name":"wp","href":"https:\/\/api.w.org\/{rel}","templated":true}]}}