{"id":41487,"date":"2026-04-19T15:22:00","date_gmt":"2026-04-19T15:22:00","guid":{"rendered":"https:\/\/singuli.wpress.me\/index.php\/proizvod\/raid-punjenje-za-elektricni-aparat-miris-lavande-60n-36-ml\/"},"modified":"2026-04-20T12:33:37","modified_gmt":"2026-04-20T12:33:37","slug":"raid-punjenje-za-elektricni-aparat-miris-lavande-60n-36-ml","status":"publish","type":"product","link":"https:\/\/singuli.wpress.me\/index.php\/proizvod\/raid-punjenje-za-elektricni-aparat-miris-lavande-60n-36-ml\/","title":{"rendered":"RAID, punjenje za elektri\u010dni aparat, miris lavande, 60N, 36\u00a0ml"},"content":{"rendered":"<p>Raid teku\u0107ina s insekticidom protiv obi\u010dnih i tigrastih komaraca za Family elektri\u010dni ure\u0111aj. <\/p>\n<p>Namijenjen za op\u0107u upotrebu. <\/p>\n<p>Po\u010dinje raditi odmah kada je uklju\u010den (220\u2013230 V) i posti\u017ee u\u010dinak za 30 minuta. Radi do 60 no\u0107i koriste\u0107i 8 sati po no\u0107i u sobi veli\u010dine 20 m3. <\/p>\n<p>Svjetlo na ure\u0111aju ozna\u010dava rad. <\/p>\n<p>Miris lavande.<\/p>\n","protected":false},"excerpt":{"rendered":"<p>Protiv obi\u010dnih i tigrastih komaraca<br \/>\nRadi do 60 no\u0107i<br \/>\nMiris lavande<\/p>\n","protected":false},"featured_media":0,"template":"","meta":{"_seopress_robots_primary_cat":"","_seopress_titles_title":"","_seopress_titles_desc":"","_seopress_robots_index":"","iawp_total_views":0},"product_brand":[457],"product_cat":[192,267],"product_tag":[],"class_list":{"0":"post-41487","1":"product","2":"type-product","3":"status-publish","5":"product_brand-raid","6":"product_cat-aparati-za-osobnu-njegu","7":"product_cat-zdravstveni-uredaji-192","9":"first","10":"outofstock","11":"shipping-taxable","12":"purchasable","13":"product-type-simple"},"_links":{"self":[{"href":"https:\/\/singuli.wpress.me\/index.php\/wp-json\/wp\/v2\/product\/41487","targetHints":{"allow":["GET"]}}],"collection":[{"href":"https:\/\/singuli.wpress.me\/index.php\/wp-json\/wp\/v2\/product"}],"about":[{"href":"https:\/\/singuli.wpress.me\/index.php\/wp-json\/wp\/v2\/types\/product"}],"version-history":[{"count":0,"href":"https:\/\/singuli.wpress.me\/index.php\/wp-json\/wp\/v2\/product\/41487\/revisions"}],"wp:attachment":[{"href":"https:\/\/singuli.wpress.me\/index.php\/wp-json\/wp\/v2\/media?parent=41487"}],"wp:term":[{"taxonomy":"product_brand","embeddable":true,"href":"https:\/\/singuli.wpress.me\/index.php\/wp-json\/wp\/v2\/product_brand?post=41487"},{"taxonomy":"product_cat","embeddable":true,"href":"https:\/\/singuli.wpress.me\/index.php\/wp-json\/wp\/v2\/product_cat?post=41487"},{"taxonomy":"product_tag","embeddable":true,"href":"https:\/\/singuli.wpress.me\/index.php\/wp-json\/wp\/v2\/product_tag?post=41487"}],"curies":[{"name":"wp","href":"https:\/\/api.w.org\/{rel}","templated":true}]}}