{"id":41516,"date":"2026-04-19T15:22:09","date_gmt":"2026-04-19T15:22:09","guid":{"rendered":"https:\/\/singuli.wpress.me\/index.php\/proizvod\/fisher-price-zvecka-pametan-telefon\/"},"modified":"2026-04-20T12:33:38","modified_gmt":"2026-04-20T12:33:38","slug":"fisher-price-zvecka-pametan-telefon","status":"publish","type":"product","link":"https:\/\/singuli.wpress.me\/index.php\/proizvod\/fisher-price-zvecka-pametan-telefon\/","title":{"rendered":"FISHER PRICE, zve\u010dka, pametan telefon"},"content":{"rendered":"<p>Ovaj pametni telefon je bebina zve\u010dka, ogledalo i grickalica za zubi\u0107e u jednoj igra\u010dki! Veliki ekran odnosno ogledalo idealno je za igru dok je beba na trbu\u0161\u010di\u010du.<br \/>\nOkrenite dr\u017ea\u010d sa stra\u017enje strane za zvuk klikanja, protresite za \u0161u\u0161kanje i pritisnite tipku za jo\u0161 vi\u0161e zabavnih zvukova!<br \/>\nZve\u010dka pametni telefon je bez BPA pa je sigurna i kao grickalica za zubi\u0107e!<\/p>\n","protected":false},"excerpt":{"rendered":"<p>Bez BPA<br \/>\nDob: 3+ mjeseca<br \/>\nPuno zabavnih zvukova<\/p>\n","protected":false},"featured_media":0,"template":"","meta":{"_seopress_robots_primary_cat":"","_seopress_titles_title":"","_seopress_titles_desc":"","_seopress_robots_index":"","iawp_total_views":0},"product_brand":[458],"product_cat":[221,291],"product_tag":[],"class_list":{"0":"post-41516","1":"product","2":"type-product","3":"status-publish","5":"product_brand-fisher-price","6":"product_cat-igracke","7":"product_cat-igracke-za-djecu-221","9":"first","10":"outofstock","11":"shipping-taxable","12":"purchasable","13":"product-type-simple"},"_links":{"self":[{"href":"https:\/\/singuli.wpress.me\/index.php\/wp-json\/wp\/v2\/product\/41516","targetHints":{"allow":["GET"]}}],"collection":[{"href":"https:\/\/singuli.wpress.me\/index.php\/wp-json\/wp\/v2\/product"}],"about":[{"href":"https:\/\/singuli.wpress.me\/index.php\/wp-json\/wp\/v2\/types\/product"}],"version-history":[{"count":0,"href":"https:\/\/singuli.wpress.me\/index.php\/wp-json\/wp\/v2\/product\/41516\/revisions"}],"wp:attachment":[{"href":"https:\/\/singuli.wpress.me\/index.php\/wp-json\/wp\/v2\/media?parent=41516"}],"wp:term":[{"taxonomy":"product_brand","embeddable":true,"href":"https:\/\/singuli.wpress.me\/index.php\/wp-json\/wp\/v2\/product_brand?post=41516"},{"taxonomy":"product_cat","embeddable":true,"href":"https:\/\/singuli.wpress.me\/index.php\/wp-json\/wp\/v2\/product_cat?post=41516"},{"taxonomy":"product_tag","embeddable":true,"href":"https:\/\/singuli.wpress.me\/index.php\/wp-json\/wp\/v2\/product_tag?post=41516"}],"curies":[{"name":"wp","href":"https:\/\/api.w.org\/{rel}","templated":true}]}}