{"id":41539,"date":"2026-04-19T15:22:18","date_gmt":"2026-04-19T15:22:18","guid":{"rendered":"https:\/\/singuli.wpress.me\/index.php\/proizvod\/helix-hx8-5w40-sn-motorno-ulje-za-osobna-vozila-4x4l-16-l\/"},"modified":"2026-04-20T12:33:38","modified_gmt":"2026-04-20T12:33:38","slug":"helix-hx8-5w40-sn-motorno-ulje-za-osobna-vozila-4x4l-16-l","status":"publish","type":"product","link":"https:\/\/singuli.wpress.me\/index.php\/proizvod\/helix-hx8-5w40-sn-motorno-ulje-za-osobna-vozila-4x4l-16-l\/","title":{"rendered":"HELIX HX8 5W40 SN+, motorno ulje za osobna vozila, 4x4l, 16\u00a0l"},"content":{"rendered":"<p>Potpuno sinteti\u010dko motorno ulje \u2013 izvrsne performanse, \u010di\u0161\u0107enje i za\u0161tita. <\/p>\n<p>Shell Helix HX8 ulje naporno radi na odr\u017eavanju \u010disto\u0107e i za\u0161tite modernih motora. <\/p>\n<p>Poma\u017ee u spre\u010davanju stvaranja \u0161tetnih naslaga koje mogu dovesti do gubitka performansi. <\/p>\n<p>Njegova izvrsna za\u0161tita od naslaga pogodna je za sve intervale koji preporu\u010duju OEM. <\/p>\n<p>Prikladno koristiti za benzinske motori s turbopunja\u010dem i izravnim ubrizgavanjem koji su osjetljivi na LSPI efekt (preuranjeno paljenje pri niskom broju okretaja i velikom optere\u0107enju).<\/p>\n<p><span style=\"font-weight: bold\">Specifikacija:<\/span> API SN Plus, API SN, ACEA A3\/B4, MB odobrenje 229.3, VW Standard 502.00, 505.00, Renault RN 0710, RN 0700, Fiat 9.55535.M2.<\/p>\n","protected":false},"excerpt":{"rendered":"<p>Odr\u017eava \u010disto\u0107u i za\u0161titu motora<br \/>\nZa\u0161tita od naslaga<br \/>\nSpecifikacija u opisu<\/p>\n","protected":false},"featured_media":0,"template":"","meta":{"_seopress_robots_primary_cat":"","_seopress_titles_title":"","_seopress_titles_desc":"","_seopress_robots_index":"","iawp_total_views":0},"product_brand":[398],"product_cat":[243,272],"product_tag":[],"class_list":{"0":"post-41539","1":"product","2":"type-product","3":"status-publish","5":"product_brand-helix","6":"product_cat-automobili-i-motori","7":"product_cat-motorna-ulja-243","9":"first","10":"instock","11":"shipping-taxable","12":"purchasable","13":"product-type-simple"},"_links":{"self":[{"href":"https:\/\/singuli.wpress.me\/index.php\/wp-json\/wp\/v2\/product\/41539","targetHints":{"allow":["GET"]}}],"collection":[{"href":"https:\/\/singuli.wpress.me\/index.php\/wp-json\/wp\/v2\/product"}],"about":[{"href":"https:\/\/singuli.wpress.me\/index.php\/wp-json\/wp\/v2\/types\/product"}],"version-history":[{"count":0,"href":"https:\/\/singuli.wpress.me\/index.php\/wp-json\/wp\/v2\/product\/41539\/revisions"}],"wp:attachment":[{"href":"https:\/\/singuli.wpress.me\/index.php\/wp-json\/wp\/v2\/media?parent=41539"}],"wp:term":[{"taxonomy":"product_brand","embeddable":true,"href":"https:\/\/singuli.wpress.me\/index.php\/wp-json\/wp\/v2\/product_brand?post=41539"},{"taxonomy":"product_cat","embeddable":true,"href":"https:\/\/singuli.wpress.me\/index.php\/wp-json\/wp\/v2\/product_cat?post=41539"},{"taxonomy":"product_tag","embeddable":true,"href":"https:\/\/singuli.wpress.me\/index.php\/wp-json\/wp\/v2\/product_tag?post=41539"}],"curies":[{"name":"wp","href":"https:\/\/api.w.org\/{rel}","templated":true}]}}