{"id":41555,"date":"2026-04-19T15:22:24","date_gmt":"2026-04-19T15:22:24","guid":{"rendered":"https:\/\/singuli.wpress.me\/index.php\/proizvod\/disney-princeze-lutka\/"},"modified":"2026-04-20T12:33:38","modified_gmt":"2026-04-20T12:33:38","slug":"disney-princeze-lutka","status":"publish","type":"product","link":"https:\/\/singuli.wpress.me\/index.php\/proizvod\/disney-princeze-lutka\/","title":{"rendered":"DISNEY Princeze, lutka"},"content":{"rendered":"<p>Otkrijte magi\u010dni svijet <span style=\"font-weight: bold\">Disney princeza<\/span>! U ovoj kolekciji prekrasnih lutki mo\u017eete prona\u0107i svoje omiljene likove. Svaka princeza dolazi u svom prepoznatljivom izdanju, s elegantnim haljinama i detaljima inspiriranim omiljenim bajkama. Idealne za igru, sakupljanje ili poklon, ove lutke \u0107e razveseliti sve male obo\u017eavatelje \u010darobnih Disney pri\u010da!<\/p>\n","protected":false},"excerpt":{"rendered":"<p>Idealne za igru, sakupljanje ili poklon<br \/>\nSvaka princeza dolazi u svom prepoznatljivom izdanju<br \/>\nDob: 3+ god<\/p>\n","protected":false},"featured_media":0,"template":"","meta":{"_seopress_robots_primary_cat":"","_seopress_titles_title":"","_seopress_titles_desc":"","_seopress_robots_index":"","iawp_total_views":0},"product_brand":[522],"product_cat":[221,291],"product_tag":[],"class_list":{"0":"post-41555","1":"product","2":"type-product","3":"status-publish","5":"product_brand-disney","6":"product_cat-igracke","7":"product_cat-igracke-za-djecu-221","9":"first","10":"instock","11":"shipping-taxable","12":"purchasable","13":"product-type-simple"},"_links":{"self":[{"href":"https:\/\/singuli.wpress.me\/index.php\/wp-json\/wp\/v2\/product\/41555","targetHints":{"allow":["GET"]}}],"collection":[{"href":"https:\/\/singuli.wpress.me\/index.php\/wp-json\/wp\/v2\/product"}],"about":[{"href":"https:\/\/singuli.wpress.me\/index.php\/wp-json\/wp\/v2\/types\/product"}],"version-history":[{"count":0,"href":"https:\/\/singuli.wpress.me\/index.php\/wp-json\/wp\/v2\/product\/41555\/revisions"}],"wp:attachment":[{"href":"https:\/\/singuli.wpress.me\/index.php\/wp-json\/wp\/v2\/media?parent=41555"}],"wp:term":[{"taxonomy":"product_brand","embeddable":true,"href":"https:\/\/singuli.wpress.me\/index.php\/wp-json\/wp\/v2\/product_brand?post=41555"},{"taxonomy":"product_cat","embeddable":true,"href":"https:\/\/singuli.wpress.me\/index.php\/wp-json\/wp\/v2\/product_cat?post=41555"},{"taxonomy":"product_tag","embeddable":true,"href":"https:\/\/singuli.wpress.me\/index.php\/wp-json\/wp\/v2\/product_tag?post=41555"}],"curies":[{"name":"wp","href":"https:\/\/api.w.org\/{rel}","templated":true}]}}