{"id":41592,"date":"2026-04-19T15:22:37","date_gmt":"2026-04-19T15:22:37","guid":{"rendered":"https:\/\/singuli.wpress.me\/index.php\/proizvod\/medex-kolagenflex-kolagen-14-vrecica-x-10-g\/"},"modified":"2026-04-20T12:33:38","modified_gmt":"2026-04-20T12:33:38","slug":"medex-kolagenflex-kolagen-14-vrecica-x-10-g","status":"publish","type":"product","link":"https:\/\/singuli.wpress.me\/index.php\/proizvod\/medex-kolagenflex-kolagen-14-vrecica-x-10-g\/","title":{"rendered":"MEDEX Kolagenflex, kolagen, 14 vre\u0107ica x 10 g"},"content":{"rendered":"<p>KOLAGENFLEX sadr\u017ei gove\u0111i kolagen Fortigel\u00ae, protein niske molekularne mase dobiven posebnom patentiranom tehnologijom. Sadr\u017ei male \u010destice kolagena, koje tijelo izuzetno dobro apsorbira. Proizvod preporu\u010dujemo aktivnim sporta\u0161ima, koji \u010de\u0161\u0107e optere\u0107uju zglobove, te starijim osobama koje tra\u017ee lak\u0161e kretanje.<\/p>\n<p><span style=\"font-weight: bold\">Na\u010din primjene:<\/span> Preporu\u010dena dnevna koli\u010dina jest sadr\u017eaj 1 vre\u0107ice (10 g). Umije\u0161ati ga u jogurt, sok, vodu ili neki drugi napitak te pri\u010dekati da se dobro otopi. Tako se kolagen najbr\u017ee apsorbira u organizam. Preporu\u010damo svakodnevno uzimanje najmanje 3 mjeseca.<\/p>\n<p>Sastojci u preporu\u010denoj dnevnoj dozi (= 10 g, 1 vre\u0107ica): kolagen 9,99 g, vitamin C (kao L-askorbinska kiselina) 12 mg (15% PU).<\/p>\n","protected":false},"excerpt":{"rendered":"<p>S patentiranim oblikom kolagena Fortigel\u00ae<br \/>\nSadr\u017ei kolagen i doprinosi stvaranju kolagena za normalnu funkciju hrskavice i kosti.<br \/>\nne sadr\u017ei \u0161e\u0107ere<\/p>\n","protected":false},"featured_media":0,"template":"","meta":{"_seopress_robots_primary_cat":"","_seopress_titles_title":"","_seopress_titles_desc":"","_seopress_robots_index":"","iawp_total_views":0},"product_brand":[415],"product_cat":[211,289],"product_tag":[],"class_list":{"0":"post-41592","1":"product","2":"type-product","3":"status-publish","5":"product_brand-medex","6":"product_cat-njega-majke-i-djeteta","7":"product_cat-trudnoca-i-vitamini-211","9":"first","10":"instock","11":"shipping-taxable","12":"purchasable","13":"product-type-simple"},"_links":{"self":[{"href":"https:\/\/singuli.wpress.me\/index.php\/wp-json\/wp\/v2\/product\/41592","targetHints":{"allow":["GET"]}}],"collection":[{"href":"https:\/\/singuli.wpress.me\/index.php\/wp-json\/wp\/v2\/product"}],"about":[{"href":"https:\/\/singuli.wpress.me\/index.php\/wp-json\/wp\/v2\/types\/product"}],"version-history":[{"count":0,"href":"https:\/\/singuli.wpress.me\/index.php\/wp-json\/wp\/v2\/product\/41592\/revisions"}],"wp:attachment":[{"href":"https:\/\/singuli.wpress.me\/index.php\/wp-json\/wp\/v2\/media?parent=41592"}],"wp:term":[{"taxonomy":"product_brand","embeddable":true,"href":"https:\/\/singuli.wpress.me\/index.php\/wp-json\/wp\/v2\/product_brand?post=41592"},{"taxonomy":"product_cat","embeddable":true,"href":"https:\/\/singuli.wpress.me\/index.php\/wp-json\/wp\/v2\/product_cat?post=41592"},{"taxonomy":"product_tag","embeddable":true,"href":"https:\/\/singuli.wpress.me\/index.php\/wp-json\/wp\/v2\/product_tag?post=41592"}],"curies":[{"name":"wp","href":"https:\/\/api.w.org\/{rel}","templated":true}]}}