{"id":41596,"date":"2026-04-19T15:22:38","date_gmt":"2026-04-19T15:22:38","guid":{"rendered":"https:\/\/singuli.wpress.me\/index.php\/proizvod\/gillette-fusion5-zamjenske-britvice-4-kom\/"},"modified":"2026-04-20T12:33:38","modified_gmt":"2026-04-20T12:33:38","slug":"gillette-fusion5-zamjenske-britvice-4-kom","status":"publish","type":"product","link":"https:\/\/singuli.wpress.me\/index.php\/proizvod\/gillette-fusion5-zamjenske-britvice-4-kom\/","title":{"rendered":"GILLETTE Fusion5, zamjenske britvice, 4\u00a0kom"},"content":{"rendered":"<p>Zamjenske britvice za brija\u010d za mu\u0161karce Gillette Fusion5 sadr\u017ee po pet o\u0161trica koje umanjuju trenje, za brzo i temeljito brijanje. <\/p>\n<p>O\u0161trice su postavljene blizu jedna drugoj, za nevjerojatno ugodno brijanje, a precizni trimer na stra\u017enjoj strani slu\u017ei za te\u0161ko dostupna mjesta i ure\u0111ivanje dla\u010dica na licu. <\/p>\n<p>Zamjenske britvice Gillette Fusion5 kompatibilne su sa svim brija\u010dima Gillette Fusion5.<\/p>\n","protected":false},"excerpt":{"rendered":"<p>1 nastavak za brijanje za do mjesec dana brijanja<br \/>\nPrikladno za sve aparate za brijanje Fusion5 i Fusion5 Power<br \/>\nPrecizni trimer sa stra\u017enje strane<\/p>\n","protected":false},"featured_media":0,"template":"","meta":{"_seopress_robots_primary_cat":"","_seopress_titles_title":"","_seopress_titles_desc":"","_seopress_robots_index":"","iawp_total_views":0},"product_brand":[323],"product_cat":[280,192,279],"product_tag":[],"class_list":{"0":"post-41596","1":"product","2":"type-product","3":"status-publish","5":"product_brand-gillette","6":"product_cat-aparati-za-muskarce-279","7":"product_cat-aparati-za-osobnu-njegu","8":"product_cat-brijanje-i-sisanje-192","10":"first","11":"instock","12":"shipping-taxable","13":"purchasable","14":"product-type-simple"},"_links":{"self":[{"href":"https:\/\/singuli.wpress.me\/index.php\/wp-json\/wp\/v2\/product\/41596","targetHints":{"allow":["GET"]}}],"collection":[{"href":"https:\/\/singuli.wpress.me\/index.php\/wp-json\/wp\/v2\/product"}],"about":[{"href":"https:\/\/singuli.wpress.me\/index.php\/wp-json\/wp\/v2\/types\/product"}],"version-history":[{"count":0,"href":"https:\/\/singuli.wpress.me\/index.php\/wp-json\/wp\/v2\/product\/41596\/revisions"}],"wp:attachment":[{"href":"https:\/\/singuli.wpress.me\/index.php\/wp-json\/wp\/v2\/media?parent=41596"}],"wp:term":[{"taxonomy":"product_brand","embeddable":true,"href":"https:\/\/singuli.wpress.me\/index.php\/wp-json\/wp\/v2\/product_brand?post=41596"},{"taxonomy":"product_cat","embeddable":true,"href":"https:\/\/singuli.wpress.me\/index.php\/wp-json\/wp\/v2\/product_cat?post=41596"},{"taxonomy":"product_tag","embeddable":true,"href":"https:\/\/singuli.wpress.me\/index.php\/wp-json\/wp\/v2\/product_tag?post=41596"}],"curies":[{"name":"wp","href":"https:\/\/api.w.org\/{rel}","templated":true}]}}