{"id":41604,"date":"2026-04-19T15:22:43","date_gmt":"2026-04-19T15:22:43","guid":{"rendered":"https:\/\/singuli.wpress.me\/index.php\/proizvod\/mr-muscle-sredstvo-za-ciscenje-kupaonskih-povrsina-500-ml\/"},"modified":"2026-04-20T12:33:38","modified_gmt":"2026-04-20T12:33:38","slug":"mr-muscle-sredstvo-za-ciscenje-kupaonskih-povrsina-500-ml","status":"publish","type":"product","link":"https:\/\/singuli.wpress.me\/index.php\/proizvod\/mr-muscle-sredstvo-za-ciscenje-kupaonskih-povrsina-500-ml\/","title":{"rendered":"MR. MUSCLE, sredstvo za \u010di\u0161\u0107enje, kupaonskih povr\u0161ina, 500\u00a0ml"},"content":{"rendered":"<p>Mr. Muscle\u00ae Sredstvo za \u010di\u0161\u0107enje kupaonice uklanja 100% mrlje od sapuna bez neugodnih mirisa te ubija 99,9% baketrija i virusa.<\/p>\n<p>Specijalno je formulirano za jednostavno uklanjanje kupaonskih masno\u0107a i naslaga ne\u010disto\u0107e.<\/p>\n<p>Dezinficira, ubijaju\u0107i 99% bakterija i virusa na tvrdim i neporoznim povr\u0161inama te ostavlja povr\u0161ine blistavo \u010distima.<\/p>\n","protected":false},"excerpt":{"rendered":"<p>Uklanja 100% mrlje od sapuna<br \/>\nNe ostavlja neugodne mirise<br \/>\nUbija 99.9% bakterija i virusa<\/p>\n","protected":false},"featured_media":0,"template":"","meta":{"_seopress_robots_primary_cat":"","_seopress_titles_title":"","_seopress_titles_desc":"","_seopress_robots_index":"","iawp_total_views":0},"product_brand":[794],"product_cat":[284,238],"product_tag":[],"class_list":{"0":"post-41604","1":"product","2":"type-product","3":"status-publish","5":"product_brand-mr-muscle","6":"product_cat-sredstva-za-ciscenje-238","7":"product_cat-sve-za-dom","9":"first","10":"instock","11":"shipping-taxable","12":"purchasable","13":"product-type-simple"},"_links":{"self":[{"href":"https:\/\/singuli.wpress.me\/index.php\/wp-json\/wp\/v2\/product\/41604","targetHints":{"allow":["GET"]}}],"collection":[{"href":"https:\/\/singuli.wpress.me\/index.php\/wp-json\/wp\/v2\/product"}],"about":[{"href":"https:\/\/singuli.wpress.me\/index.php\/wp-json\/wp\/v2\/types\/product"}],"version-history":[{"count":0,"href":"https:\/\/singuli.wpress.me\/index.php\/wp-json\/wp\/v2\/product\/41604\/revisions"}],"wp:attachment":[{"href":"https:\/\/singuli.wpress.me\/index.php\/wp-json\/wp\/v2\/media?parent=41604"}],"wp:term":[{"taxonomy":"product_brand","embeddable":true,"href":"https:\/\/singuli.wpress.me\/index.php\/wp-json\/wp\/v2\/product_brand?post=41604"},{"taxonomy":"product_cat","embeddable":true,"href":"https:\/\/singuli.wpress.me\/index.php\/wp-json\/wp\/v2\/product_cat?post=41604"},{"taxonomy":"product_tag","embeddable":true,"href":"https:\/\/singuli.wpress.me\/index.php\/wp-json\/wp\/v2\/product_tag?post=41604"}],"curies":[{"name":"wp","href":"https:\/\/api.w.org\/{rel}","templated":true}]}}