{"id":41610,"date":"2026-04-19T15:22:45","date_gmt":"2026-04-19T15:22:45","guid":{"rendered":"https:\/\/singuli.wpress.me\/index.php\/proizvod\/headshoulders-citrus-fresh-sampon-protiv-peruti-250-ml\/"},"modified":"2026-04-21T00:27:11","modified_gmt":"2026-04-21T00:27:11","slug":"headshoulders-citrus-fresh-sampon-protiv-peruti-250-ml","status":"publish","type":"product","link":"https:\/\/singuli.wpress.me\/index.php\/proizvod\/headshoulders-citrus-fresh-sampon-protiv-peruti-250-ml\/","title":{"rendered":"HEAD&amp;SHOULDERS Citrus Fresh, \u0161ampon protiv peruti, 250\u00a0ml"},"content":{"rendered":"<p>\u0160ampon protiv peruti Head &amp; Shoulders bori se protiv glavnog uzroka peruti, za do 72 sata za\u0161tite od ljuskica, suho\u0107e i svrbe\u017ea (vidljive ljuskice, uz redovitu upotrebu; svrbe\u017e zbog peruti).<\/p>\n<p>Napredna formula dermatolo\u0161ki je testirana, pH uravnote\u017eena i osna\u017eena antioksidansima za nje\u017enu njegu kose i vlasi\u0161ta. Uz redovitu upotrebu ostavlja ih do 100 % bez peruti, \u0161to je i klini\u010dki dokazano. <\/p>\n<p>\u0160ampon Citrus Fresh u\u010dinkovito \u010disti masnu kosu i vlasi\u0161te, za osje\u0107aj svje\u017eine i odli\u010dan dugotrajan miris. Head &amp; Shoulders vode\u0107a je marka \u0161ampona u svijetu (izra\u010dun tvrtke P&amp;G na temelju godi\u0161nje prodaje u kategoriji \u0161ampona) i brine za planet: ova se bo\u010dica mo\u017ee reciklirati (bez \u010depa i ovisno o pogonima za recikla\u017eu).<\/p>\n","protected":false},"excerpt":{"rendered":"<p>Dubinski \u010disti i hidratizira masnu kosu i vlasi\u0161te<br \/>\nZa lijepu i podatnu kosu<br \/>\nZaustavlja perut i prije nego \u0161to se pojavi<\/p>\n","protected":false},"featured_media":0,"template":"","meta":{"_seopress_robots_primary_cat":"","_seopress_titles_title":"","_seopress_titles_desc":"","_seopress_robots_index":"","iawp_total_views":0},"product_brand":[443],"product_cat":[268,300],"product_tag":[],"class_list":{"0":"post-41610","1":"product","2":"type-product","3":"status-publish","5":"product_brand-headshoulders","6":"product_cat-kozmetika-2","7":"product_cat-njega-kose-268","9":"first","10":"instock","11":"shipping-taxable","12":"purchasable","13":"product-type-simple"},"_links":{"self":[{"href":"https:\/\/singuli.wpress.me\/index.php\/wp-json\/wp\/v2\/product\/41610","targetHints":{"allow":["GET"]}}],"collection":[{"href":"https:\/\/singuli.wpress.me\/index.php\/wp-json\/wp\/v2\/product"}],"about":[{"href":"https:\/\/singuli.wpress.me\/index.php\/wp-json\/wp\/v2\/types\/product"}],"version-history":[{"count":0,"href":"https:\/\/singuli.wpress.me\/index.php\/wp-json\/wp\/v2\/product\/41610\/revisions"}],"wp:attachment":[{"href":"https:\/\/singuli.wpress.me\/index.php\/wp-json\/wp\/v2\/media?parent=41610"}],"wp:term":[{"taxonomy":"product_brand","embeddable":true,"href":"https:\/\/singuli.wpress.me\/index.php\/wp-json\/wp\/v2\/product_brand?post=41610"},{"taxonomy":"product_cat","embeddable":true,"href":"https:\/\/singuli.wpress.me\/index.php\/wp-json\/wp\/v2\/product_cat?post=41610"},{"taxonomy":"product_tag","embeddable":true,"href":"https:\/\/singuli.wpress.me\/index.php\/wp-json\/wp\/v2\/product_tag?post=41610"}],"curies":[{"name":"wp","href":"https:\/\/api.w.org\/{rel}","templated":true}]}}