{"id":41613,"date":"2026-04-19T15:22:46","date_gmt":"2026-04-19T15:22:46","guid":{"rendered":"https:\/\/singuli.wpress.me\/index.php\/proizvod\/bison-montagekit-polystyrene-konstrukcijsko-ljepilo-1-kg\/"},"modified":"2026-04-21T00:27:11","modified_gmt":"2026-04-21T00:27:11","slug":"bison-montagekit-polystyrene-konstrukcijsko-ljepilo-1-kg","status":"publish","type":"product","link":"https:\/\/singuli.wpress.me\/index.php\/proizvod\/bison-montagekit-polystyrene-konstrukcijsko-ljepilo-1-kg\/","title":{"rendered":"BISON Montagekit Polystyrene konstrukcijsko, ljepilo, 1\u00a0kg"},"content":{"rendered":"<p>Sna\u017eno monta\u017eno ljepilo bez otapala na bazi akrilne disperzije.<\/p>\n<p>Osobito prikladno za unutarnje prostore, bez otapala. <\/p>\n<p>Idealno za spajanje svih vrsta predmeta od polistirenske pjene i (te\u0161kih) dekorativnih elemenata na porozne (upijaju\u0107e) povr\u0161ine kao \u0161to su beton, kamen, \u017ebuka, drvo i iverica. Vrlo prikladno za pri\u010dvr\u0161\u0107ivanje npr. izolacijskih plo\u010da, ukrasnih plo\u010da, stropnih obloga, ukrasnih materijala od polistirenske pjene kao \u0161to su ornamenti i ukrasni rubovi. Tako\u0111er iznimno prikladno za povr\u0161insko lijepljenje. <\/p>\n<p>Otporno na vlagu i temperaturu.<\/p>\n<p>Nije prikladno za PE, PP, PTFE, bitumen, ogledala, prirodni kamen, stalno vla\u017ena mjesta i za pri\u010dvr\u0161\u0107ivanje nepozornog materijala na neporoznu podlogu. Kada lijepite plastiku, uvijek najprije provedite ispitivanje prianjanja. Prianjanje uz plastiku mo\u017ee se razlikovati ovisno o vrsti sintetike i kvaliteti plastike.<\/p>\n<p>Dobro zatvorite ambala\u017eu i \u010duvajte je na suhom i hladnom mjestu na kojem ne dolazi do smrzavanja.<\/p>\n","protected":false},"excerpt":{"rendered":"<p>Visoka zavr\u0161na snaga lijepljenja<br \/>\nLako se nanosi<br \/>\nTrajno elasti\u010dno<\/p>\n","protected":false},"featured_media":0,"template":"","meta":{"_seopress_robots_primary_cat":"","_seopress_titles_title":"","_seopress_titles_desc":"","_seopress_robots_index":"","iawp_total_views":0},"product_brand":[494],"product_cat":[264,238],"product_tag":[],"class_list":{"0":"post-41613","1":"product","2":"type-product","3":"status-publish","5":"product_brand-bison","6":"product_cat-ljepila-i-brtvila-238","7":"product_cat-sve-za-dom","9":"first","10":"instock","11":"shipping-taxable","12":"purchasable","13":"product-type-simple"},"_links":{"self":[{"href":"https:\/\/singuli.wpress.me\/index.php\/wp-json\/wp\/v2\/product\/41613","targetHints":{"allow":["GET"]}}],"collection":[{"href":"https:\/\/singuli.wpress.me\/index.php\/wp-json\/wp\/v2\/product"}],"about":[{"href":"https:\/\/singuli.wpress.me\/index.php\/wp-json\/wp\/v2\/types\/product"}],"version-history":[{"count":0,"href":"https:\/\/singuli.wpress.me\/index.php\/wp-json\/wp\/v2\/product\/41613\/revisions"}],"wp:attachment":[{"href":"https:\/\/singuli.wpress.me\/index.php\/wp-json\/wp\/v2\/media?parent=41613"}],"wp:term":[{"taxonomy":"product_brand","embeddable":true,"href":"https:\/\/singuli.wpress.me\/index.php\/wp-json\/wp\/v2\/product_brand?post=41613"},{"taxonomy":"product_cat","embeddable":true,"href":"https:\/\/singuli.wpress.me\/index.php\/wp-json\/wp\/v2\/product_cat?post=41613"},{"taxonomy":"product_tag","embeddable":true,"href":"https:\/\/singuli.wpress.me\/index.php\/wp-json\/wp\/v2\/product_tag?post=41613"}],"curies":[{"name":"wp","href":"https:\/\/api.w.org\/{rel}","templated":true}]}}