{"id":41622,"date":"2026-04-19T15:22:48","date_gmt":"2026-04-19T15:22:48","guid":{"rendered":"https:\/\/singuli.wpress.me\/index.php\/proizvod\/paclan-aluminijska-folija-18m\/"},"modified":"2026-04-20T12:33:39","modified_gmt":"2026-04-20T12:33:39","slug":"paclan-aluminijska-folija-18m","status":"publish","type":"product","link":"https:\/\/singuli.wpress.me\/index.php\/proizvod\/paclan-aluminijska-folija-18m\/","title":{"rendered":"PACLAN, aluminijska folija, 18m"},"content":{"rendered":"<p>Aluminijska folija &#8211; \u0161irina folije 29 cm, du\u017eina 18 m. Sna\u017ean i \u010dvrst kao stijena, vi\u0161enamjenski, proizvod je poznat kao Superproizvod. Te\u0161ko je zamisliti da bilo koja kuhinja radi bez folije. Foliju koristimo za pe\u010denje, odr\u017eavanje topline obroka ili pak za omotati ru\u010dak za na\u0161u djecu! Na\u0161a folija je iznimno robustna, ne lijepi se na bilo koju vrstu hrane, pri tome zadr\u017eavaju\u0107i toplinu i miris. <\/p>\n","protected":false},"excerpt":{"rendered":"<p>\u0160irina folije 29cm, du\u017eina 18m<br \/>\nVi\u0161enamjenska<br \/>\nNe lijepi se na hranu<\/p>\n","protected":false},"featured_media":0,"template":"","meta":{"_seopress_robots_primary_cat":"","_seopress_titles_title":"","_seopress_titles_desc":"","_seopress_robots_index":"","iawp_total_views":0},"product_brand":[474],"product_cat":[274,238],"product_tag":[],"class_list":{"0":"post-41622","1":"product","2":"type-product","3":"status-publish","5":"product_brand-paclan","6":"product_cat-kucanski-pribor-238","7":"product_cat-sve-za-dom","9":"first","10":"instock","11":"shipping-taxable","12":"purchasable","13":"product-type-simple"},"_links":{"self":[{"href":"https:\/\/singuli.wpress.me\/index.php\/wp-json\/wp\/v2\/product\/41622","targetHints":{"allow":["GET"]}}],"collection":[{"href":"https:\/\/singuli.wpress.me\/index.php\/wp-json\/wp\/v2\/product"}],"about":[{"href":"https:\/\/singuli.wpress.me\/index.php\/wp-json\/wp\/v2\/types\/product"}],"version-history":[{"count":0,"href":"https:\/\/singuli.wpress.me\/index.php\/wp-json\/wp\/v2\/product\/41622\/revisions"}],"wp:attachment":[{"href":"https:\/\/singuli.wpress.me\/index.php\/wp-json\/wp\/v2\/media?parent=41622"}],"wp:term":[{"taxonomy":"product_brand","embeddable":true,"href":"https:\/\/singuli.wpress.me\/index.php\/wp-json\/wp\/v2\/product_brand?post=41622"},{"taxonomy":"product_cat","embeddable":true,"href":"https:\/\/singuli.wpress.me\/index.php\/wp-json\/wp\/v2\/product_cat?post=41622"},{"taxonomy":"product_tag","embeddable":true,"href":"https:\/\/singuli.wpress.me\/index.php\/wp-json\/wp\/v2\/product_tag?post=41622"}],"curies":[{"name":"wp","href":"https:\/\/api.w.org\/{rel}","templated":true}]}}