{"id":41642,"date":"2026-04-19T15:22:54","date_gmt":"2026-04-19T15:22:54","guid":{"rendered":"https:\/\/singuli.wpress.me\/index.php\/proizvod\/headshoulders-sampon-za-kosu-protiv-ispadanja-kose-s-kofeinom-400-ml\/"},"modified":"2026-04-20T12:33:39","modified_gmt":"2026-04-20T12:33:39","slug":"headshoulders-sampon-za-kosu-protiv-ispadanja-kose-s-kofeinom-400-ml","status":"publish","type":"product","link":"https:\/\/singuli.wpress.me\/index.php\/proizvod\/headshoulders-sampon-za-kosu-protiv-ispadanja-kose-s-kofeinom-400-ml\/","title":{"rendered":"HEAD&amp;SHOULDERS, \u0161ampon za kosu, protiv ispadanja kose s kofeinom, 400\u00a0ml"},"content":{"rendered":"<p><span style=\"font-weight: bold\">Head &amp; Shoulders Anti Hair Fall <\/span>u\u010dinkovito \u010disti vlasi\u0161te, temeljito pere kosu i vra\u0107a joj prirodnu ljepotu. <\/p>\n<p><span style=\"font-weight: bold\">Svojstva:<\/span> pere kosu i \u010disti vlasi\u0161te, regenerira i hrani kosu kosu osloba\u0111a prhuti nje\u017eno uklanja vi\u0161ak masno\u0107e iz kose i vlasi\u0161ta <\/p>\n<p><span style=\"font-weight: bold\">Na\u010din upotrebe: <\/span>Nanesite odgovaraju\u0107u koli\u010dinu \u0161ampona na mokru kosu. Nje\u017enim pokretima napravite pjenu i temeljito isperite. U slu\u010daju potrebe, postupak ponovite.<\/p>\n","protected":false},"excerpt":{"rendered":"<p>U\u010dinkovito \u010disti vlasi\u0161te<br \/>\nRegenerira i hrani kosu<br \/>\nUklanja vi\u0161ak masno\u0107e<\/p>\n","protected":false},"featured_media":0,"template":"","meta":{"_seopress_robots_primary_cat":"","_seopress_titles_title":"","_seopress_titles_desc":"","_seopress_robots_index":"","iawp_total_views":0},"product_brand":[443],"product_cat":[268,300],"product_tag":[],"class_list":{"0":"post-41642","1":"product","2":"type-product","3":"status-publish","5":"product_brand-headshoulders","6":"product_cat-kozmetika-2","7":"product_cat-njega-kose-268","9":"first","10":"instock","11":"shipping-taxable","12":"purchasable","13":"product-type-simple"},"_links":{"self":[{"href":"https:\/\/singuli.wpress.me\/index.php\/wp-json\/wp\/v2\/product\/41642","targetHints":{"allow":["GET"]}}],"collection":[{"href":"https:\/\/singuli.wpress.me\/index.php\/wp-json\/wp\/v2\/product"}],"about":[{"href":"https:\/\/singuli.wpress.me\/index.php\/wp-json\/wp\/v2\/types\/product"}],"version-history":[{"count":0,"href":"https:\/\/singuli.wpress.me\/index.php\/wp-json\/wp\/v2\/product\/41642\/revisions"}],"wp:attachment":[{"href":"https:\/\/singuli.wpress.me\/index.php\/wp-json\/wp\/v2\/media?parent=41642"}],"wp:term":[{"taxonomy":"product_brand","embeddable":true,"href":"https:\/\/singuli.wpress.me\/index.php\/wp-json\/wp\/v2\/product_brand?post=41642"},{"taxonomy":"product_cat","embeddable":true,"href":"https:\/\/singuli.wpress.me\/index.php\/wp-json\/wp\/v2\/product_cat?post=41642"},{"taxonomy":"product_tag","embeddable":true,"href":"https:\/\/singuli.wpress.me\/index.php\/wp-json\/wp\/v2\/product_tag?post=41642"}],"curies":[{"name":"wp","href":"https:\/\/api.w.org\/{rel}","templated":true}]}}