{"id":41648,"date":"2026-04-19T15:22:57","date_gmt":"2026-04-19T15:22:57","guid":{"rendered":"https:\/\/singuli.wpress.me\/index.php\/proizvod\/glade-aromatherapy-mirisni-stapici-lavandin-i-sandalovina-80-ml-2\/"},"modified":"2026-04-20T12:33:39","modified_gmt":"2026-04-20T12:33:39","slug":"glade-aromatherapy-mirisni-stapici-lavandin-i-sandalovina-80-ml-2","status":"publish","type":"product","link":"https:\/\/singuli.wpress.me\/index.php\/proizvod\/glade-aromatherapy-mirisni-stapici-lavandin-i-sandalovina-80-ml-2\/","title":{"rendered":"GLADE Aromatherapy, mirisni \u0161tapi\u0107i, lavandin i sandalovina, 80\u00a0ml"},"content":{"rendered":"<p>Glade\u00ae Mirsni \u0161tapi\u0107i s dvostrukom mje\u0161avinom esencijalnih ulja pru\u017eaju do 45 dana svje\u017eine. <\/p>\n<p>U pakiranju se nalazi 8 \u0161tapi\u0107a od prirdne trske. <\/p>\n<p>Ne sadr\u017ei parabene, ftalate, nitro mo\u0161us, boje ili umjetna bojila.<\/p>\n<p>Prona\u0111ite mir i opustite se uz umiruju\u0107u mje\u0161avinu biljnog francuskog lavandina i kremaste australske sandalovine.<\/p>\n","protected":false},"excerpt":{"rendered":"<p>8 mirisnih \u0161tapi\u0107a od prirodne trske<br \/>\nOboga\u0107eno dvostrukom mje\u0161avinom esencijalnih ulja<br \/>\nDo 45 dana mirisa<\/p>\n","protected":false},"featured_media":0,"template":"","meta":{"_seopress_robots_primary_cat":"","_seopress_titles_title":"","_seopress_titles_desc":"","_seopress_robots_index":"","iawp_total_views":0},"product_brand":[405],"product_cat":[294,238],"product_tag":[],"class_list":{"0":"post-41648","1":"product","2":"type-product","3":"status-publish","5":"product_brand-glade","6":"product_cat-osvjezivaci-zraka-238","7":"product_cat-sve-za-dom","9":"first","10":"outofstock","11":"shipping-taxable","12":"purchasable","13":"product-type-simple"},"_links":{"self":[{"href":"https:\/\/singuli.wpress.me\/index.php\/wp-json\/wp\/v2\/product\/41648","targetHints":{"allow":["GET"]}}],"collection":[{"href":"https:\/\/singuli.wpress.me\/index.php\/wp-json\/wp\/v2\/product"}],"about":[{"href":"https:\/\/singuli.wpress.me\/index.php\/wp-json\/wp\/v2\/types\/product"}],"version-history":[{"count":0,"href":"https:\/\/singuli.wpress.me\/index.php\/wp-json\/wp\/v2\/product\/41648\/revisions"}],"wp:attachment":[{"href":"https:\/\/singuli.wpress.me\/index.php\/wp-json\/wp\/v2\/media?parent=41648"}],"wp:term":[{"taxonomy":"product_brand","embeddable":true,"href":"https:\/\/singuli.wpress.me\/index.php\/wp-json\/wp\/v2\/product_brand?post=41648"},{"taxonomy":"product_cat","embeddable":true,"href":"https:\/\/singuli.wpress.me\/index.php\/wp-json\/wp\/v2\/product_cat?post=41648"},{"taxonomy":"product_tag","embeddable":true,"href":"https:\/\/singuli.wpress.me\/index.php\/wp-json\/wp\/v2\/product_tag?post=41648"}],"curies":[{"name":"wp","href":"https:\/\/api.w.org\/{rel}","templated":true}]}}