{"id":41663,"date":"2026-04-19T15:23:01","date_gmt":"2026-04-19T15:23:01","guid":{"rendered":"https:\/\/singuli.wpress.me\/index.php\/proizvod\/old-spice-restart-dezodorans-u-spreju-150-ml\/"},"modified":"2026-04-21T00:27:11","modified_gmt":"2026-04-21T00:27:11","slug":"old-spice-restart-dezodorans-u-spreju-150-ml","status":"publish","type":"product","link":"https:\/\/singuli.wpress.me\/index.php\/proizvod\/old-spice-restart-dezodorans-u-spreju-150-ml\/","title":{"rendered":"OLD SPICE Restart, dezodorans u spreju, 150\u00a0ml"},"content":{"rendered":"<p>Nanesi ispod pazuha i na tijelo za dugotrajnu za\u0161titu. <\/p>\n<p>Ambicije ostvaruje\u0161 s lako\u0107om i svijet je tvoj, a Old Spice Restart donosi neodoljiv stav te miris koji osvaja i koji ne poznaje zna\u010denje pogre\u0161nog koraka. <\/p>\n<p>Dezodorans Old Spice nadja\u010dava i najgori smrad supergenijalnim mirisom. <\/p>\n<p>Tehnologija mirisa koji ne blijedi omogu\u0107uje ti da cijeli dan u\u017eiva\u0161 u vlastitom dobrom mirisu, ba\u0161 kao \u0161to i drugi cijeli dan u\u017eivaju u tvom dobrom mirisu.<\/p>\n","protected":false},"excerpt":{"rendered":"<p>Dugotrajna za\u0161tita od neugodnih mirisa<br \/>\nMo\u0107no nadja\u010dava neugodne mirise<br \/>\nTehnologija cjelodnevnog mirisa<\/p>\n","protected":false},"featured_media":0,"template":"","meta":{"_seopress_robots_primary_cat":"","_seopress_titles_title":"","_seopress_titles_desc":"","_seopress_robots_index":"","iawp_total_views":0},"product_brand":[448],"product_cat":[285,268],"product_tag":[],"class_list":{"0":"post-41663","1":"product","2":"type-product","3":"status-publish","5":"product_brand-old-spice","6":"product_cat-dezodoransi-268","7":"product_cat-kozmetika-2","9":"first","10":"outofstock","11":"shipping-taxable","12":"purchasable","13":"product-type-simple"},"_links":{"self":[{"href":"https:\/\/singuli.wpress.me\/index.php\/wp-json\/wp\/v2\/product\/41663","targetHints":{"allow":["GET"]}}],"collection":[{"href":"https:\/\/singuli.wpress.me\/index.php\/wp-json\/wp\/v2\/product"}],"about":[{"href":"https:\/\/singuli.wpress.me\/index.php\/wp-json\/wp\/v2\/types\/product"}],"version-history":[{"count":0,"href":"https:\/\/singuli.wpress.me\/index.php\/wp-json\/wp\/v2\/product\/41663\/revisions"}],"wp:attachment":[{"href":"https:\/\/singuli.wpress.me\/index.php\/wp-json\/wp\/v2\/media?parent=41663"}],"wp:term":[{"taxonomy":"product_brand","embeddable":true,"href":"https:\/\/singuli.wpress.me\/index.php\/wp-json\/wp\/v2\/product_brand?post=41663"},{"taxonomy":"product_cat","embeddable":true,"href":"https:\/\/singuli.wpress.me\/index.php\/wp-json\/wp\/v2\/product_cat?post=41663"},{"taxonomy":"product_tag","embeddable":true,"href":"https:\/\/singuli.wpress.me\/index.php\/wp-json\/wp\/v2\/product_tag?post=41663"}],"curies":[{"name":"wp","href":"https:\/\/api.w.org\/{rel}","templated":true}]}}