{"id":41669,"date":"2026-04-19T15:23:03","date_gmt":"2026-04-19T15:23:03","guid":{"rendered":"https:\/\/singuli.wpress.me\/index.php\/proizvod\/wash-caffe-sredstvo-za-pranje-i-odrzavanje-0-75-l\/"},"modified":"2026-04-20T12:33:39","modified_gmt":"2026-04-20T12:33:39","slug":"wash-caffe-sredstvo-za-pranje-i-odrzavanje-0-75-l","status":"publish","type":"product","link":"https:\/\/singuli.wpress.me\/index.php\/proizvod\/wash-caffe-sredstvo-za-pranje-i-odrzavanje-0-75-l\/","title":{"rendered":"WASH Caffe, sredstvo za pranje i odr\u017eavanje, 0.75\u00a0l"},"content":{"rendered":"<p>Visokokvalitetan proizvod namijenjen za temeljito i u\u010dinkovito pranje u ugostiteljskim objektima, kafi\u0107ima i restoranima.<\/p>\n<p>Formuliran s posebnom pa\u017enjom, ima mo\u0107no djelovanje koje uklanja mrlje, masno\u0107u i ostatke ostavljaju\u0107i ih blistavo \u010distima i sjajnima. Njegova koncentrirana formula osigurava u\u010dinkovito \u010di\u0161\u0107enje i ekonomi\u010dnu upotrebu, \u0161to omogu\u0107uje dugotrajnu uporabu i \u0161tedi vrijeme i novac.<\/p>\n<p>Jednostavan za kori\u0161tenje.<\/p>\n","protected":false},"excerpt":{"rendered":"<p>Namijenjeno profesionalnim ugostiteljskim espresso aparatima<br \/>\nJednostavan za kori\u0161tenje<br \/>\nPa\u017eljivo formuliran kako bi bio siguran za uporabu<\/p>\n","protected":false},"featured_media":0,"template":"","meta":{"_seopress_robots_primary_cat":"","_seopress_titles_title":"","_seopress_titles_desc":"","_seopress_robots_index":"","iawp_total_views":0},"product_brand":[870],"product_cat":[284,238],"product_tag":[],"class_list":{"0":"post-41669","1":"product","2":"type-product","3":"status-publish","5":"product_brand-wash","6":"product_cat-sredstva-za-ciscenje-238","7":"product_cat-sve-za-dom","9":"first","10":"instock","11":"shipping-taxable","12":"purchasable","13":"product-type-simple"},"_links":{"self":[{"href":"https:\/\/singuli.wpress.me\/index.php\/wp-json\/wp\/v2\/product\/41669","targetHints":{"allow":["GET"]}}],"collection":[{"href":"https:\/\/singuli.wpress.me\/index.php\/wp-json\/wp\/v2\/product"}],"about":[{"href":"https:\/\/singuli.wpress.me\/index.php\/wp-json\/wp\/v2\/types\/product"}],"version-history":[{"count":0,"href":"https:\/\/singuli.wpress.me\/index.php\/wp-json\/wp\/v2\/product\/41669\/revisions"}],"wp:attachment":[{"href":"https:\/\/singuli.wpress.me\/index.php\/wp-json\/wp\/v2\/media?parent=41669"}],"wp:term":[{"taxonomy":"product_brand","embeddable":true,"href":"https:\/\/singuli.wpress.me\/index.php\/wp-json\/wp\/v2\/product_brand?post=41669"},{"taxonomy":"product_cat","embeddable":true,"href":"https:\/\/singuli.wpress.me\/index.php\/wp-json\/wp\/v2\/product_cat?post=41669"},{"taxonomy":"product_tag","embeddable":true,"href":"https:\/\/singuli.wpress.me\/index.php\/wp-json\/wp\/v2\/product_tag?post=41669"}],"curies":[{"name":"wp","href":"https:\/\/api.w.org\/{rel}","templated":true}]}}