{"id":41676,"date":"2026-04-19T15:23:05","date_gmt":"2026-04-19T15:23:05","guid":{"rendered":"https:\/\/singuli.wpress.me\/index.php\/proizvod\/tampax-tamponi-compak-super-18-kom\/"},"modified":"2026-04-20T12:33:39","modified_gmt":"2026-04-20T12:33:39","slug":"tampax-tamponi-compak-super-18-kom","status":"publish","type":"product","link":"https:\/\/singuli.wpress.me\/index.php\/proizvod\/tampax-tamponi-compak-super-18-kom\/","title":{"rendered":"TAMPAX, tamponi, Compak Super, 18\u00a0kom"},"content":{"rendered":"<p>Tamponi Tampax Compak Super osiguravaju za\u0161titu i diskreciju za dane s umjerenom do obilnom mjese\u010dnicom. <\/p>\n<p>Tamponi Tampax Compak nude za\u0161titu tijekom mjese\u010dnice u vrlo prakti\u010dnom obliku. <\/p>\n<p>Ne sadr\u017ee nikakve dodane mirise ni boje. <\/p>\n<p>Tamponi Tampax Compak imaju kompaktan plasti\u010dni aplikator i zaobljen vrh za lak\u0161e umetanje. Upijaju\u0107i kanali odvla\u010de teku\u0107inu izravno do jezgre tampona, a dvostruki za\u0161titni sloj poma\u017ee sprije\u010diti curenje, za bezbri\u017enu mjese\u010dnicu. <\/p>\n<p>Tamponi Tampax Compak ginekolo\u0161ki su testirani. Tako\u0111er su nezavisno testirani na prisutnost \u0161tetnih tvari, prema sustavu Oeko-Tex Standard 100. <\/p>\n<p>Pouzdana za\u0161tita od propu\u0161tanja koja vam omogu\u0107uje da radite \u0161to god \u017eelite. Najbolji tamponi Tampax Compak za umjerenu do obilnu mjese\u010dnicu. <\/p>\n","protected":false},"excerpt":{"rendered":"<p>Tamponi s aplikatorom<br \/>\nNe sadr\u017ee dodane mirise i boje<br \/>\nS tehnologijom MotionFit za prilago\u0111avanje tijelu<\/p>\n","protected":false},"featured_media":0,"template":"","meta":{"_seopress_robots_primary_cat":"","_seopress_titles_title":"","_seopress_titles_desc":"","_seopress_robots_index":"","iawp_total_views":0},"product_brand":[767],"product_cat":[211,288],"product_tag":[],"class_list":{"0":"post-41676","1":"product","2":"type-product","3":"status-publish","5":"product_brand-tampax","6":"product_cat-njega-majke-i-djeteta","7":"product_cat-zenska-higijena-211","9":"first","10":"outofstock","11":"shipping-taxable","12":"purchasable","13":"product-type-simple"},"_links":{"self":[{"href":"https:\/\/singuli.wpress.me\/index.php\/wp-json\/wp\/v2\/product\/41676","targetHints":{"allow":["GET"]}}],"collection":[{"href":"https:\/\/singuli.wpress.me\/index.php\/wp-json\/wp\/v2\/product"}],"about":[{"href":"https:\/\/singuli.wpress.me\/index.php\/wp-json\/wp\/v2\/types\/product"}],"version-history":[{"count":0,"href":"https:\/\/singuli.wpress.me\/index.php\/wp-json\/wp\/v2\/product\/41676\/revisions"}],"wp:attachment":[{"href":"https:\/\/singuli.wpress.me\/index.php\/wp-json\/wp\/v2\/media?parent=41676"}],"wp:term":[{"taxonomy":"product_brand","embeddable":true,"href":"https:\/\/singuli.wpress.me\/index.php\/wp-json\/wp\/v2\/product_brand?post=41676"},{"taxonomy":"product_cat","embeddable":true,"href":"https:\/\/singuli.wpress.me\/index.php\/wp-json\/wp\/v2\/product_cat?post=41676"},{"taxonomy":"product_tag","embeddable":true,"href":"https:\/\/singuli.wpress.me\/index.php\/wp-json\/wp\/v2\/product_tag?post=41676"}],"curies":[{"name":"wp","href":"https:\/\/api.w.org\/{rel}","templated":true}]}}