{"id":41688,"date":"2026-04-19T15:23:09","date_gmt":"2026-04-19T15:23:09","guid":{"rendered":"https:\/\/singuli.wpress.me\/index.php\/proizvod\/dr-oetker-zelatina-u-listicima-svijetla-10-g\/"},"modified":"2026-04-20T12:33:39","modified_gmt":"2026-04-20T12:33:39","slug":"dr-oetker-zelatina-u-listicima-svijetla-10-g","status":"publish","type":"product","link":"https:\/\/singuli.wpress.me\/index.php\/proizvod\/dr-oetker-zelatina-u-listicima-svijetla-10-g\/","title":{"rendered":"DR. OETKER, \u017eelatina u listi\u0107ima, svijetla, 10\u00a0g"},"content":{"rendered":"<p>Dr.\u00a0Oetker svijetla \u017eelatina u listi\u0107ima jednostavno se porcionira jer se mo\u017ee koristiti u pojedinim listi\u0107ima. <\/p>\n<p>Odli\u010dna je za pripremu npr. Kremastih torta i kola\u010da, krema i \u017eelatinastih slatkih i slanih jela.\u00a0Jedan omot \u017eelatine u listi\u0107ima sadr\u017ei 6 listi\u0107a \u017eelatine, dovoljan je za 500 ml teku\u0107ine i odgovara jednom omotu Dr. Oetker mljevene svjetle \u017eelatine. <\/p>\n<p>Listi\u0107i \u017eelatine se omek\u0161aju u zdjelici hladne vode, lagano se iscijede i prema receptu umije\u0161aju direktno u toplo jelo. <\/p>\n<p>Kod hladnih krema se treba zasebno rastopiti pa dodati u ostatak kreme.<\/p>\n<p>Skladi\u0161tenje:\u00a0\u010cuvati na hladnom i suhom mjestu<\/p>\n","protected":false},"excerpt":{"rendered":"<p>Jednostavno pakiranje<br \/>\nOdli\u010dna za pripremu raznih delicija<br \/>\nIzvrsna kvaliteta<\/p>\n","protected":false},"featured_media":0,"template":"","meta":{"_seopress_robots_primary_cat":"","_seopress_titles_title":"","_seopress_titles_desc":"","_seopress_robots_index":"","iawp_total_views":0},"product_brand":[328],"product_cat":[261,270],"product_tag":[],"class_list":{"0":"post-41688","1":"product","2":"type-product","3":"status-publish","5":"product_brand-dr-oetker","6":"product_cat-hrana-i-pice","7":"product_cat-slasticarstvo-261","9":"first","10":"instock","11":"shipping-taxable","12":"purchasable","13":"product-type-simple"},"_links":{"self":[{"href":"https:\/\/singuli.wpress.me\/index.php\/wp-json\/wp\/v2\/product\/41688","targetHints":{"allow":["GET"]}}],"collection":[{"href":"https:\/\/singuli.wpress.me\/index.php\/wp-json\/wp\/v2\/product"}],"about":[{"href":"https:\/\/singuli.wpress.me\/index.php\/wp-json\/wp\/v2\/types\/product"}],"version-history":[{"count":0,"href":"https:\/\/singuli.wpress.me\/index.php\/wp-json\/wp\/v2\/product\/41688\/revisions"}],"wp:attachment":[{"href":"https:\/\/singuli.wpress.me\/index.php\/wp-json\/wp\/v2\/media?parent=41688"}],"wp:term":[{"taxonomy":"product_brand","embeddable":true,"href":"https:\/\/singuli.wpress.me\/index.php\/wp-json\/wp\/v2\/product_brand?post=41688"},{"taxonomy":"product_cat","embeddable":true,"href":"https:\/\/singuli.wpress.me\/index.php\/wp-json\/wp\/v2\/product_cat?post=41688"},{"taxonomy":"product_tag","embeddable":true,"href":"https:\/\/singuli.wpress.me\/index.php\/wp-json\/wp\/v2\/product_tag?post=41688"}],"curies":[{"name":"wp","href":"https:\/\/api.w.org\/{rel}","templated":true}]}}