{"id":41727,"date":"2026-04-19T15:23:21","date_gmt":"2026-04-19T15:23:21","guid":{"rendered":"https:\/\/singuli.wpress.me\/index.php\/proizvod\/pantene-pro-v-intensive-repair-3-minute-miracle-serum-za-suhu-i-ostecenu-kosu-200-ml\/"},"modified":"2026-04-21T00:27:12","modified_gmt":"2026-04-21T00:27:12","slug":"pantene-pro-v-intensive-repair-3-minute-miracle-serum-za-suhu-i-ostecenu-kosu-200-ml","status":"publish","type":"product","link":"https:\/\/singuli.wpress.me\/index.php\/proizvod\/pantene-pro-v-intensive-repair-3-minute-miracle-serum-za-suhu-i-ostecenu-kosu-200-ml\/","title":{"rendered":"PANTENE Pro-V Intensive Repair 3 minute Miracle, serum, za suhu i o\u0161te\u0107enu kosu, 200\u00a0ml"},"content":{"rendered":"<p>Hranjive tvari iz seruma prodiru kroz tri sloja o\u0161te\u0107ene kose i temeljito je obnavljaju kako bi postala tri puta ja\u010da*. Otkrijte na\u0161u oboga\u0107enu Pro-V mje\u0161avinu s lipidima za ja\u010danje kose, za\u0161titnim antioksidansima i kolagenom.<\/p>\n<p>Regenerator za kosu Pantene Pro-V Intensive Repair Miracle Serum u trenu se otapa na kosi i prodire do sr\u017ei kako bi je obnovio iznutra. Formula ovog intenzivnog tretmana za njegu kose poma\u017ee kod vidljivog o\u0161te\u0107enja** ve\u0107 nakon prve uporabe bez nano\u0161enja dodatne te\u017eine.Isprobajte regenerator koji je toliko dobar da ga ne\u0107ete htjeti isprati!<\/p>\n<p>* za\u0161tita od o\u0161te\u0107enja oblikovanjem<br \/>\n** od o\u0161te\u0107ene do glatke povr\u0161ine kose<\/p>\n","protected":false},"excerpt":{"rendered":"<p>\u010cudotvorni 3-minutni balzam za svakodnevnu upotrebu<br \/>\nPoma\u017ee obnoviti \u010dak i kosu s tromjese\u010dnim o\u0161te\u0107enjima<br \/>\nU trenu se upija a ne ote\u017eava kosu<\/p>\n","protected":false},"featured_media":0,"template":"","meta":{"_seopress_robots_primary_cat":"","_seopress_titles_title":"","_seopress_titles_desc":"","_seopress_robots_index":"","iawp_total_views":0},"product_brand":[411],"product_cat":[268,300],"product_tag":[],"class_list":{"0":"post-41727","1":"product","2":"type-product","3":"status-publish","5":"product_brand-pantene","6":"product_cat-kozmetika-2","7":"product_cat-njega-kose-268","9":"first","10":"outofstock","11":"shipping-taxable","12":"purchasable","13":"product-type-simple"},"_links":{"self":[{"href":"https:\/\/singuli.wpress.me\/index.php\/wp-json\/wp\/v2\/product\/41727","targetHints":{"allow":["GET"]}}],"collection":[{"href":"https:\/\/singuli.wpress.me\/index.php\/wp-json\/wp\/v2\/product"}],"about":[{"href":"https:\/\/singuli.wpress.me\/index.php\/wp-json\/wp\/v2\/types\/product"}],"version-history":[{"count":0,"href":"https:\/\/singuli.wpress.me\/index.php\/wp-json\/wp\/v2\/product\/41727\/revisions"}],"wp:attachment":[{"href":"https:\/\/singuli.wpress.me\/index.php\/wp-json\/wp\/v2\/media?parent=41727"}],"wp:term":[{"taxonomy":"product_brand","embeddable":true,"href":"https:\/\/singuli.wpress.me\/index.php\/wp-json\/wp\/v2\/product_brand?post=41727"},{"taxonomy":"product_cat","embeddable":true,"href":"https:\/\/singuli.wpress.me\/index.php\/wp-json\/wp\/v2\/product_cat?post=41727"},{"taxonomy":"product_tag","embeddable":true,"href":"https:\/\/singuli.wpress.me\/index.php\/wp-json\/wp\/v2\/product_tag?post=41727"}],"curies":[{"name":"wp","href":"https:\/\/api.w.org\/{rel}","templated":true}]}}