{"id":41729,"date":"2026-04-19T15:23:21","date_gmt":"2026-04-19T15:23:21","guid":{"rendered":"https:\/\/singuli.wpress.me\/index.php\/proizvod\/spirax-s3-t-super-univerzalno-traktorsko-ulje-stou-209-l\/"},"modified":"2026-04-20T12:33:39","modified_gmt":"2026-04-20T12:33:39","slug":"spirax-s3-t-super-univerzalno-traktorsko-ulje-stou-209-l","status":"publish","type":"product","link":"https:\/\/singuli.wpress.me\/index.php\/proizvod\/spirax-s3-t-super-univerzalno-traktorsko-ulje-stou-209-l\/","title":{"rendered":"SPIRAX S3 T , super univerzalno traktorsko ulje (STOU), 209\u00a0l"},"content":{"rendered":"<p>Super univerzalno traktorsko ulje (STOU)  SAE 15W40 vrhunskih performansi dizajnirano za kori\u0161tenje u brojnoj modernoj poljoprivrednoj mehanizaciji. Prakti\u010dna, jednostavna i vi\u0161enamjenska primjena jednog ulja u brojim aplikacijama na poljoprivrednim gospodarstvima zahvaljuju\u0107i tome \u0161to je proizvedeno od baznih ulja visokog indeksa viskoznosti i naprednog paketa aditiva. Omogu\u0107uje produljenje trajanja  mehani\u010dkih komponenti sprje\u010davaju\u0107i prerano zaribavanje svih radnih dijelova. \u0160titi od habanja, tro\u0161enja, pitinga svih vrsta prijenosa, zup\u010danika i le\u017eajeva. Pru\u017ea uravnote\u017eene karakteristike pri niskim temperaturama \u0161to osigurava ugla\u0111en rad hidrauli\u010dkih pumpi. Prikladno za brojne tipove traktorskih prijenosa\/hidrauli\u010dkih sustava (uljem potopljene ko\u010dnice, prijenosi snage, hidrauli\u010dki sustavi, servo ure\u0111aji, hidrostatski prijenosi, konvencionalni zup\u010dasti prijenosi).<\/p>\n<p>Specifikacija: Massey Ferguson M1139, M1144 i M1145, Caterpillar TO-2, John Deere JDM J27, ZF TE-ML 06B, O6Q, 07B, API GL-4. Mo\u017ee se koristiti i u aplikacijama koje zahtijevaju API CF-4\/SF razinu<\/p>\n","protected":false},"excerpt":{"rendered":"<p>Dizajnirano za kori\u0161tenje u modernoj poljoprivrednoj mehanizaciji<br \/>\nPrikladno za brojne tipove traktorskih prijenosa\/hidrauli\u010dkih sustava<br \/>\nUlje za motore traktora i \u017eetelica<\/p>\n","protected":false},"featured_media":0,"template":"","meta":{"_seopress_robots_primary_cat":"","_seopress_titles_title":"","_seopress_titles_desc":"","_seopress_robots_index":"","iawp_total_views":0},"product_brand":[371],"product_cat":[243,276],"product_tag":[],"class_list":{"0":"post-41729","1":"product","2":"type-product","3":"status-publish","5":"product_brand-spirax","6":"product_cat-automobili-i-motori","7":"product_cat-industrijska-i-specijalna-ulja-243","9":"first","10":"outofstock","11":"shipping-taxable","12":"purchasable","13":"product-type-simple"},"_links":{"self":[{"href":"https:\/\/singuli.wpress.me\/index.php\/wp-json\/wp\/v2\/product\/41729","targetHints":{"allow":["GET"]}}],"collection":[{"href":"https:\/\/singuli.wpress.me\/index.php\/wp-json\/wp\/v2\/product"}],"about":[{"href":"https:\/\/singuli.wpress.me\/index.php\/wp-json\/wp\/v2\/types\/product"}],"version-history":[{"count":0,"href":"https:\/\/singuli.wpress.me\/index.php\/wp-json\/wp\/v2\/product\/41729\/revisions"}],"wp:attachment":[{"href":"https:\/\/singuli.wpress.me\/index.php\/wp-json\/wp\/v2\/media?parent=41729"}],"wp:term":[{"taxonomy":"product_brand","embeddable":true,"href":"https:\/\/singuli.wpress.me\/index.php\/wp-json\/wp\/v2\/product_brand?post=41729"},{"taxonomy":"product_cat","embeddable":true,"href":"https:\/\/singuli.wpress.me\/index.php\/wp-json\/wp\/v2\/product_cat?post=41729"},{"taxonomy":"product_tag","embeddable":true,"href":"https:\/\/singuli.wpress.me\/index.php\/wp-json\/wp\/v2\/product_tag?post=41729"}],"curies":[{"name":"wp","href":"https:\/\/api.w.org\/{rel}","templated":true}]}}