{"id":41740,"date":"2026-04-19T15:23:24","date_gmt":"2026-04-19T15:23:24","guid":{"rendered":"https:\/\/singuli.wpress.me\/index.php\/proizvod\/neutro-roberts-manneti-fresh-deo-roll-on-zeleni-caj-i-limeta-50-ml\/"},"modified":"2026-04-20T12:33:40","modified_gmt":"2026-04-20T12:33:40","slug":"neutro-roberts-manneti-fresh-deo-roll-on-zeleni-caj-i-limeta-50-ml","status":"publish","type":"product","link":"https:\/\/singuli.wpress.me\/index.php\/proizvod\/neutro-roberts-manneti-fresh-deo-roll-on-zeleni-caj-i-limeta-50-ml\/","title":{"rendered":"NEUTRO ROBERTS Manneti Fresh, deo roll-on, zeleni \u010daj i limeta, 50\u00a0ml"},"content":{"rendered":"<p>Neutro Roberts Fresh deo roll-on zeleni \u010daj i limeta donosi pouzdanu za\u0161titu od znojenja i neugodnih mirisa u trajanju do 48 sati. <\/p>\n<p>Blagotvorna formula oboga\u0107ena zelenim \u010dajem i limetom va\u0161oj \u0107e ko\u017ei pru\u017eiti intenzivnu hidrataciju tijekom \u010ditavog dana. <\/p>\n<p>Zahvaljuju\u0107i u\u010dinkovitoj hidrataciji ko\u017ea \u0107e postati ugodna i meka, a predivan osvje\u017eavaju\u0107i miris pratit \u0107e vas na svakom koraku. <\/p>\n<p>Neutro Roberts Fresh zeleni \u010daj i limeta ne sadr\u017ei alkohol i dermatolo\u0161ki je testiran.<\/p>\n","protected":false},"excerpt":{"rendered":"<p>Ne ostavlja tragove na odje\u0107i\u200b<br \/>\n0 % aluminijskih soli\u200b<br \/>\nNje\u017eni miris\u200b<\/p>\n","protected":false},"featured_media":0,"template":"","meta":{"_seopress_robots_primary_cat":"","_seopress_titles_title":"","_seopress_titles_desc":"","_seopress_robots_index":"","iawp_total_views":0},"product_brand":[412],"product_cat":[268,278],"product_tag":[],"class_list":{"0":"post-41740","1":"product","2":"type-product","3":"status-publish","5":"product_brand-neutro-roberts","6":"product_cat-kozmetika-2","7":"product_cat-njega-tijela-268","9":"first","10":"outofstock","11":"shipping-taxable","12":"purchasable","13":"product-type-simple"},"_links":{"self":[{"href":"https:\/\/singuli.wpress.me\/index.php\/wp-json\/wp\/v2\/product\/41740","targetHints":{"allow":["GET"]}}],"collection":[{"href":"https:\/\/singuli.wpress.me\/index.php\/wp-json\/wp\/v2\/product"}],"about":[{"href":"https:\/\/singuli.wpress.me\/index.php\/wp-json\/wp\/v2\/types\/product"}],"version-history":[{"count":0,"href":"https:\/\/singuli.wpress.me\/index.php\/wp-json\/wp\/v2\/product\/41740\/revisions"}],"wp:attachment":[{"href":"https:\/\/singuli.wpress.me\/index.php\/wp-json\/wp\/v2\/media?parent=41740"}],"wp:term":[{"taxonomy":"product_brand","embeddable":true,"href":"https:\/\/singuli.wpress.me\/index.php\/wp-json\/wp\/v2\/product_brand?post=41740"},{"taxonomy":"product_cat","embeddable":true,"href":"https:\/\/singuli.wpress.me\/index.php\/wp-json\/wp\/v2\/product_cat?post=41740"},{"taxonomy":"product_tag","embeddable":true,"href":"https:\/\/singuli.wpress.me\/index.php\/wp-json\/wp\/v2\/product_tag?post=41740"}],"curies":[{"name":"wp","href":"https:\/\/api.w.org\/{rel}","templated":true}]}}