{"id":41749,"date":"2026-04-19T15:23:27","date_gmt":"2026-04-19T15:23:27","guid":{"rendered":"https:\/\/singuli.wpress.me\/index.php\/proizvod\/dr-oetker-aroma-vanilija-u-bocici-38-ml\/"},"modified":"2026-04-20T12:33:40","modified_gmt":"2026-04-20T12:33:40","slug":"dr-oetker-aroma-vanilija-u-bocici-38-ml","status":"publish","type":"product","link":"https:\/\/singuli.wpress.me\/index.php\/proizvod\/dr-oetker-aroma-vanilija-u-bocici-38-ml\/","title":{"rendered":"DR. OETKER, aroma vanilija, u bo\u010dici, 38\u00a0ml"},"content":{"rendered":"<p>Dr. Oetker arome u bo\u010dicama prakti\u010dne su prije svega radi \u010dvrste, plasti\u010dne bo\u010dice koja omogu\u0107ava du\u017ee \u010duvanje aroma kod ku\u0107e bez opasnosti da se razbije, s \u010depom za ponovno sigurno zatvaranje i mogu\u0107nosti doziranja u \u017eli\u010dicama \u2013 po potrebi za aromatiziranje najfinijih deserata, napitaka, tijesta i nadjeva. <\/p>\n<p>S Dr. Oetker aromom vanilije kola\u010di i deserti jednostavno su zavodljiviji. <\/p>\n<p>Preporuka doziranja: 4 ml (2 \u017eli\u010dice) za 500 g bra\u0161na. 2 ml (1 \u017eli\u010dica) za 500 ml teku\u0107ine. <\/p>\n<p>Pomo\u0107u mjere u \u017eli\u010dicama mogu\u0107e je varirati intenzitet arome prema receptu ili vlastitoj \u017eelji.<\/p>\n","protected":false},"excerpt":{"rendered":"<p>Prakti\u010dno pakiranje<br \/>\nDodatak arome vanilije raznim delicijama<br \/>\nIntenzitet arome mogu\u0107e prilagoditi<\/p>\n","protected":false},"featured_media":0,"template":"","meta":{"_seopress_robots_primary_cat":"","_seopress_titles_title":"","_seopress_titles_desc":"","_seopress_robots_index":"","iawp_total_views":0},"product_brand":[328],"product_cat":[261,270],"product_tag":[],"class_list":{"0":"post-41749","1":"product","2":"type-product","3":"status-publish","5":"product_brand-dr-oetker","6":"product_cat-hrana-i-pice","7":"product_cat-slasticarstvo-261","9":"first","10":"outofstock","11":"shipping-taxable","12":"purchasable","13":"product-type-simple"},"_links":{"self":[{"href":"https:\/\/singuli.wpress.me\/index.php\/wp-json\/wp\/v2\/product\/41749","targetHints":{"allow":["GET"]}}],"collection":[{"href":"https:\/\/singuli.wpress.me\/index.php\/wp-json\/wp\/v2\/product"}],"about":[{"href":"https:\/\/singuli.wpress.me\/index.php\/wp-json\/wp\/v2\/types\/product"}],"version-history":[{"count":0,"href":"https:\/\/singuli.wpress.me\/index.php\/wp-json\/wp\/v2\/product\/41749\/revisions"}],"wp:attachment":[{"href":"https:\/\/singuli.wpress.me\/index.php\/wp-json\/wp\/v2\/media?parent=41749"}],"wp:term":[{"taxonomy":"product_brand","embeddable":true,"href":"https:\/\/singuli.wpress.me\/index.php\/wp-json\/wp\/v2\/product_brand?post=41749"},{"taxonomy":"product_cat","embeddable":true,"href":"https:\/\/singuli.wpress.me\/index.php\/wp-json\/wp\/v2\/product_cat?post=41749"},{"taxonomy":"product_tag","embeddable":true,"href":"https:\/\/singuli.wpress.me\/index.php\/wp-json\/wp\/v2\/product_tag?post=41749"}],"curies":[{"name":"wp","href":"https:\/\/api.w.org\/{rel}","templated":true}]}}