{"id":41755,"date":"2026-04-19T15:23:31","date_gmt":"2026-04-19T15:23:31","guid":{"rendered":"https:\/\/singuli.wpress.me\/index.php\/proizvod\/aeroshell-gr-14-mast-3-kg\/"},"modified":"2026-04-20T12:33:40","modified_gmt":"2026-04-20T12:33:40","slug":"aeroshell-gr-14-mast-3-kg","status":"publish","type":"product","link":"https:\/\/singuli.wpress.me\/index.php\/proizvod\/aeroshell-gr-14-mast-3-kg\/","title":{"rendered":"AEROSHELL GR.14, mast, 3\u00a0kg"},"content":{"rendered":"<p>AeroShell Grease 14 je vi\u0161enamjenska helikopterska kalcijeva mast formulirana od mineralnog baznog ulja uz iznimna svojstva protiv o\u0161te\u0107enja povr\u0161ine i stvaranja korozije u vla\u017enim i mokrim uvjetima jer sadr\u017ei inhibitore oksidacije i korozije. Odobrena za upotrebu od strane svih proizvo\u0111a\u010da helikoptera za vi\u0161enamjensko podmazivanje. Upotrebljiva u rasponu radne temperature od -54\u00b0C do +93\u00b0C.   <\/p>\n<p><span style=\"font-weight: bold\">Specifikacija:<\/span> U.S.:MIL-G-25537C, britanska: DEF STAN 91-51, NATO Code G-366, Joint Service Designation XG-284.<\/p>\n","protected":false},"excerpt":{"rendered":"<p>Vi\u0161enamjenska mast za zrakoplove<br \/>\nKoristi se u helikopterima<br \/>\nAntikorozivna svojstva<\/p>\n","protected":false},"featured_media":0,"template":"","meta":{"_seopress_robots_primary_cat":"","_seopress_titles_title":"","_seopress_titles_desc":"","_seopress_robots_index":"","iawp_total_views":0},"product_brand":[482],"product_cat":[221,263],"product_tag":[],"class_list":{"0":"post-41755","1":"product","2":"type-product","3":"status-publish","5":"product_brand-aeroshell","6":"product_cat-igracke","7":"product_cat-tematske-igracke-221","9":"first","10":"outofstock","11":"shipping-taxable","12":"purchasable","13":"product-type-simple"},"_links":{"self":[{"href":"https:\/\/singuli.wpress.me\/index.php\/wp-json\/wp\/v2\/product\/41755","targetHints":{"allow":["GET"]}}],"collection":[{"href":"https:\/\/singuli.wpress.me\/index.php\/wp-json\/wp\/v2\/product"}],"about":[{"href":"https:\/\/singuli.wpress.me\/index.php\/wp-json\/wp\/v2\/types\/product"}],"version-history":[{"count":0,"href":"https:\/\/singuli.wpress.me\/index.php\/wp-json\/wp\/v2\/product\/41755\/revisions"}],"wp:attachment":[{"href":"https:\/\/singuli.wpress.me\/index.php\/wp-json\/wp\/v2\/media?parent=41755"}],"wp:term":[{"taxonomy":"product_brand","embeddable":true,"href":"https:\/\/singuli.wpress.me\/index.php\/wp-json\/wp\/v2\/product_brand?post=41755"},{"taxonomy":"product_cat","embeddable":true,"href":"https:\/\/singuli.wpress.me\/index.php\/wp-json\/wp\/v2\/product_cat?post=41755"},{"taxonomy":"product_tag","embeddable":true,"href":"https:\/\/singuli.wpress.me\/index.php\/wp-json\/wp\/v2\/product_tag?post=41755"}],"curies":[{"name":"wp","href":"https:\/\/api.w.org\/{rel}","templated":true}]}}