{"id":41762,"date":"2026-04-19T15:23:33","date_gmt":"2026-04-19T15:23:33","guid":{"rendered":"https:\/\/singuli.wpress.me\/index.php\/proizvod\/twistshake-posuda-za-ispiranje\/"},"modified":"2026-04-20T12:33:40","modified_gmt":"2026-04-20T12:33:40","slug":"twistshake-posuda-za-ispiranje","status":"publish","type":"product","link":"https:\/\/singuli.wpress.me\/index.php\/proizvod\/twistshake-posuda-za-ispiranje\/","title":{"rendered":"TWISTSHAKE, posuda za ispiranje"},"content":{"rendered":"<p>Inovativan vr\u010d za ispiranje kosice i tijela. Posebno dizajnirani otvori za vodu osiguravaju jednakomjeran protok vode koji \u0107e za\u0161titi o\u010di od vode i omogu\u0107iti brzo ispiranje \u0161ampona.<\/p>\n<p>Vr\u010d ima jednostavnu ru\u010dku, koja omogu\u0107ava da posudu za ispiranje dr\u017eite u jednoj ruci, a u drugoj dijete.<\/p>\n<p>Izra\u0111enom od vrhunskog materijala, posudom za ispiranje za kadicu marke Twistshake jam\u010di se da je ispiranje kose va\u0161e bebe ne samo ugodno, nego i sigurno i udobno.<\/p>\n","protected":false},"excerpt":{"rendered":"<p>Posebno dizajniran otvor za vodu<br \/>\nZa\u0161tita o\u010di od vode i sapunice<br \/>\nVrhunski materijali<\/p>\n","protected":false},"featured_media":0,"template":"","meta":{"_seopress_robots_primary_cat":"","_seopress_titles_title":"","_seopress_titles_desc":"","_seopress_robots_index":"","iawp_total_views":0},"product_brand":[433],"product_cat":[274,238],"product_tag":[],"class_list":{"0":"post-41762","1":"product","2":"type-product","3":"status-publish","5":"product_brand-twistshake","6":"product_cat-kucanski-pribor-238","7":"product_cat-sve-za-dom","9":"first","10":"instock","11":"shipping-taxable","12":"purchasable","13":"product-type-simple"},"_links":{"self":[{"href":"https:\/\/singuli.wpress.me\/index.php\/wp-json\/wp\/v2\/product\/41762","targetHints":{"allow":["GET"]}}],"collection":[{"href":"https:\/\/singuli.wpress.me\/index.php\/wp-json\/wp\/v2\/product"}],"about":[{"href":"https:\/\/singuli.wpress.me\/index.php\/wp-json\/wp\/v2\/types\/product"}],"version-history":[{"count":0,"href":"https:\/\/singuli.wpress.me\/index.php\/wp-json\/wp\/v2\/product\/41762\/revisions"}],"wp:attachment":[{"href":"https:\/\/singuli.wpress.me\/index.php\/wp-json\/wp\/v2\/media?parent=41762"}],"wp:term":[{"taxonomy":"product_brand","embeddable":true,"href":"https:\/\/singuli.wpress.me\/index.php\/wp-json\/wp\/v2\/product_brand?post=41762"},{"taxonomy":"product_cat","embeddable":true,"href":"https:\/\/singuli.wpress.me\/index.php\/wp-json\/wp\/v2\/product_cat?post=41762"},{"taxonomy":"product_tag","embeddable":true,"href":"https:\/\/singuli.wpress.me\/index.php\/wp-json\/wp\/v2\/product_tag?post=41762"}],"curies":[{"name":"wp","href":"https:\/\/api.w.org\/{rel}","templated":true}]}}