{"id":41766,"date":"2026-04-19T15:23:34","date_gmt":"2026-04-19T15:23:34","guid":{"rendered":"https:\/\/singuli.wpress.me\/index.php\/proizvod\/fisher-price-veseli-piano-za-sveznalice\/"},"modified":"2026-04-21T00:27:12","modified_gmt":"2026-04-21T00:27:12","slug":"fisher-price-veseli-piano-za-sveznalice","status":"publish","type":"product","link":"https:\/\/singuli.wpress.me\/index.php\/proizvod\/fisher-price-veseli-piano-za-sveznalice\/","title":{"rendered":"FISHER PRICE, veseli piano, za sveznalice"},"content":{"rendered":"<p>S 4 na\u010dina igre Fisher-Price veseli piano dr\u017ei va\u0161e malene zaposlene &#8221;komponiraju\u0107i&#8221; i u\u010de\u0107i kroz igru.<\/p>\n<p>Kada va\u0161e dijete pritisne jednu od tipki svjetle\u0107eg piana, \u010duje ili realisti\u010dne zvukove klavira ili veselo pa\u010dje kvakanje ili zabavno mukanje krave ili pjesme i rije\u010di o bojama, brojevima i oblicima, ovisno o odabranom na\u010dinu igre.<\/p>\n<p>Dr\u017ee\u0107i piano za malenu ru\u010dku, ovu zabavnu, glazbenu igra\u010dku mo\u017eete ponijeti gdje god idete vi i va\u0161e dijete.<\/p>\n<p>Dok va\u0161 maleni Mozart napreduje udaraju\u0107i pa priti\u0161\u0107u\u0107i tipke, a zatim i mijenjaju\u0107i na\u010din igre, ono vje\u017eba spretnost i koordinaciju ruka &#8211; oko.<\/p>\n<p>Pritiskom na 8 raspolo\u017eivih tipki aktiviraju se svjetlo, pjesmice i zvukovi.<\/p>\n","protected":false},"excerpt":{"rendered":"<p>4 na\u010dina igre<br \/>\nVje\u017eba spretnost i koordinaciju ruka-oko<br \/>\n8 raspolo\u017eivih tipki<\/p>\n","protected":false},"featured_media":0,"template":"","meta":{"_seopress_robots_primary_cat":"","_seopress_titles_title":"","_seopress_titles_desc":"","_seopress_robots_index":"","iawp_total_views":0},"product_brand":[458],"product_cat":[221,291],"product_tag":[],"class_list":{"0":"post-41766","1":"product","2":"type-product","3":"status-publish","5":"product_brand-fisher-price","6":"product_cat-igracke","7":"product_cat-igracke-za-djecu-221","9":"first","10":"instock","11":"shipping-taxable","12":"purchasable","13":"product-type-simple"},"_links":{"self":[{"href":"https:\/\/singuli.wpress.me\/index.php\/wp-json\/wp\/v2\/product\/41766","targetHints":{"allow":["GET"]}}],"collection":[{"href":"https:\/\/singuli.wpress.me\/index.php\/wp-json\/wp\/v2\/product"}],"about":[{"href":"https:\/\/singuli.wpress.me\/index.php\/wp-json\/wp\/v2\/types\/product"}],"version-history":[{"count":0,"href":"https:\/\/singuli.wpress.me\/index.php\/wp-json\/wp\/v2\/product\/41766\/revisions"}],"wp:attachment":[{"href":"https:\/\/singuli.wpress.me\/index.php\/wp-json\/wp\/v2\/media?parent=41766"}],"wp:term":[{"taxonomy":"product_brand","embeddable":true,"href":"https:\/\/singuli.wpress.me\/index.php\/wp-json\/wp\/v2\/product_brand?post=41766"},{"taxonomy":"product_cat","embeddable":true,"href":"https:\/\/singuli.wpress.me\/index.php\/wp-json\/wp\/v2\/product_cat?post=41766"},{"taxonomy":"product_tag","embeddable":true,"href":"https:\/\/singuli.wpress.me\/index.php\/wp-json\/wp\/v2\/product_tag?post=41766"}],"curies":[{"name":"wp","href":"https:\/\/api.w.org\/{rel}","templated":true}]}}