{"id":41786,"date":"2026-04-19T15:23:42","date_gmt":"2026-04-19T15:23:42","guid":{"rendered":"https:\/\/singuli.wpress.me\/index.php\/proizvod\/dr-oetker-super-kasa-vanilija-i-chia-sjemenke-50-g\/"},"modified":"2026-04-20T12:33:40","modified_gmt":"2026-04-20T12:33:40","slug":"dr-oetker-super-kasa-vanilija-i-chia-sjemenke-50-g","status":"publish","type":"product","link":"https:\/\/singuli.wpress.me\/index.php\/proizvod\/dr-oetker-super-kasa-vanilija-i-chia-sjemenke-50-g\/","title":{"rendered":"DR. OETKER, super ka\u0161a, vanilija i chia sjemenke, 50\u00a0g"},"content":{"rendered":"<p>Ukusna i nutritivno bogata, zobena ka\u0161a s vanilijom idealan je brzi obrok. Fina Super ka\u0161a spremna je za svega nekoliko minuta. <\/p>\n<p>Sadr\u017ei i superfood chia sjemenke. <\/p>\n<p>Dr. Oetker Super ka\u0161a &#8211; brz, jednostavan, a istovremeno nutritivno izbalansirani obrok koji vam daje energiju. <\/p>\n<p>Neovisno o ubrzanom \u017eivotu, priu\u0161tite si nekoliko minuta za cjelovit obrok koji \u0107e vam pru\u017eiti osje\u0107aj sitosti, potrebne hranjive sastojke i energiju, za doru\u010dak ili izme\u0111u drugih obroka. <\/p>\n<p>Ukusna zobena ka\u0161a uz dodatak chia sjemenki poslastica je u kojoj mo\u017eete u\u017eivati bez gri\u017enje savjesti. <\/p>\n<p>Priprema: Sadr\u017eaj vre\u0107ice uspite u zdjelicu i prelijte sa 125 ml kipu\u0107e vode. Kratko promije\u0161ajte dok ne nastane homogena smjesa. Pustite ka\u0161u da odstoji 3 \u2013 5 min.<\/p>\n<p>Skladi\u0161tenje:\u00a0\u010cuvati na hladnom i suhom<\/p>\n","protected":false},"excerpt":{"rendered":"<p>Vanilija i chia sjemenke<br \/>\nUkusna i nutritivno bogata<br \/>\nIzbalansiran obrok koji daje energiju<\/p>\n","protected":false},"featured_media":0,"template":"","meta":{"_seopress_robots_primary_cat":"","_seopress_titles_title":"","_seopress_titles_desc":"","_seopress_robots_index":"","iawp_total_views":0},"product_brand":[328],"product_cat":[261,307],"product_tag":[],"class_list":{"0":"post-41786","1":"product","2":"type-product","3":"status-publish","5":"product_brand-dr-oetker","6":"product_cat-hrana-i-pice","7":"product_cat-zitarice-i-dorucak-261","9":"first","10":"outofstock","11":"shipping-taxable","12":"purchasable","13":"product-type-simple"},"_links":{"self":[{"href":"https:\/\/singuli.wpress.me\/index.php\/wp-json\/wp\/v2\/product\/41786","targetHints":{"allow":["GET"]}}],"collection":[{"href":"https:\/\/singuli.wpress.me\/index.php\/wp-json\/wp\/v2\/product"}],"about":[{"href":"https:\/\/singuli.wpress.me\/index.php\/wp-json\/wp\/v2\/types\/product"}],"version-history":[{"count":0,"href":"https:\/\/singuli.wpress.me\/index.php\/wp-json\/wp\/v2\/product\/41786\/revisions"}],"wp:attachment":[{"href":"https:\/\/singuli.wpress.me\/index.php\/wp-json\/wp\/v2\/media?parent=41786"}],"wp:term":[{"taxonomy":"product_brand","embeddable":true,"href":"https:\/\/singuli.wpress.me\/index.php\/wp-json\/wp\/v2\/product_brand?post=41786"},{"taxonomy":"product_cat","embeddable":true,"href":"https:\/\/singuli.wpress.me\/index.php\/wp-json\/wp\/v2\/product_cat?post=41786"},{"taxonomy":"product_tag","embeddable":true,"href":"https:\/\/singuli.wpress.me\/index.php\/wp-json\/wp\/v2\/product_tag?post=41786"}],"curies":[{"name":"wp","href":"https:\/\/api.w.org\/{rel}","templated":true}]}}