{"id":41795,"date":"2026-04-19T15:23:48","date_gmt":"2026-04-19T15:23:48","guid":{"rendered":"https:\/\/singuli.wpress.me\/index.php\/proizvod\/gadus-s2-v100-2-visenamjenska-mast-18-kg\/"},"modified":"2026-04-20T12:33:40","modified_gmt":"2026-04-20T12:33:40","slug":"gadus-s2-v100-2-visenamjenska-mast-18-kg","status":"publish","type":"product","link":"https:\/\/singuli.wpress.me\/index.php\/proizvod\/gadus-s2-v100-2-visenamjenska-mast-18-kg\/","title":{"rendered":"GADUS S2 V100 2 , vi\u0161enamjenska mast, 18\u00a0kg"},"content":{"rendered":"<p>Mast op\u0107e primjene bazirane na novom litij hidroksistearat sapunu te poja\u010danim aditivima za za\u0161titu od oksidacije, tro\u0161enja i korozije. Isti\u010de se vrlo dobrim performansama na temperaturi do \u010dak 130\u2070C uz dulji vijek trajanja le\u017eajeva. Pru\u017ea u\u010dinkovitu za\u0161titu u te\u0161kim uvjetima. Glavne primjene su za kotrljaju\u0107e ili klizne le\u017eajeve koji zahtijevaju podmazivanje mastima, za le\u017eajeve elektromotora, jednokratno podmazane le\u017eajeve, le\u017eajeve pumpi vode. Tako\u0111er mogu se koristiti u \u0161irokom spektru operativnih uvjeta te nude zna\u010dajnu prednost pred konvencionalnim litijevim mastima pri vi\u0161im radnim temperaturama ili uz prisustvo vode. Srednje kruta masa uglavnom dizajnirana za op\u0107e industrijsko podmazivanje, idealna za centralizirane sustave podmazivanja koji rade pri normalnim temperaturama.<\/p>\n","protected":false},"excerpt":{"rendered":"<p>Mast op\u0107e primjene<br \/>\nPru\u017ea za\u0161titu u te\u0161kim uvjetima<br \/>\nIdealna za centralizirane sustave podmazivanja<\/p>\n","protected":false},"featured_media":0,"template":"","meta":{"_seopress_robots_primary_cat":"","_seopress_titles_title":"","_seopress_titles_desc":"","_seopress_robots_index":"","iawp_total_views":0},"product_brand":[413],"product_cat":[268,278],"product_tag":[],"class_list":{"0":"post-41795","1":"product","2":"type-product","3":"status-publish","5":"product_brand-gadus","6":"product_cat-kozmetika-2","7":"product_cat-njega-tijela-268","9":"first","10":"outofstock","11":"shipping-taxable","12":"purchasable","13":"product-type-simple"},"_links":{"self":[{"href":"https:\/\/singuli.wpress.me\/index.php\/wp-json\/wp\/v2\/product\/41795","targetHints":{"allow":["GET"]}}],"collection":[{"href":"https:\/\/singuli.wpress.me\/index.php\/wp-json\/wp\/v2\/product"}],"about":[{"href":"https:\/\/singuli.wpress.me\/index.php\/wp-json\/wp\/v2\/types\/product"}],"version-history":[{"count":0,"href":"https:\/\/singuli.wpress.me\/index.php\/wp-json\/wp\/v2\/product\/41795\/revisions"}],"wp:attachment":[{"href":"https:\/\/singuli.wpress.me\/index.php\/wp-json\/wp\/v2\/media?parent=41795"}],"wp:term":[{"taxonomy":"product_brand","embeddable":true,"href":"https:\/\/singuli.wpress.me\/index.php\/wp-json\/wp\/v2\/product_brand?post=41795"},{"taxonomy":"product_cat","embeddable":true,"href":"https:\/\/singuli.wpress.me\/index.php\/wp-json\/wp\/v2\/product_cat?post=41795"},{"taxonomy":"product_tag","embeddable":true,"href":"https:\/\/singuli.wpress.me\/index.php\/wp-json\/wp\/v2\/product_tag?post=41795"}],"curies":[{"name":"wp","href":"https:\/\/api.w.org\/{rel}","templated":true}]}}