{"id":41809,"date":"2026-04-19T15:23:54","date_gmt":"2026-04-19T15:23:54","guid":{"rendered":"https:\/\/singuli.wpress.me\/index.php\/proizvod\/paclan-papir-za-pecenje-u-listovima\/"},"modified":"2026-04-21T00:27:12","modified_gmt":"2026-04-21T00:27:12","slug":"paclan-papir-za-pecenje-u-listovima","status":"publish","type":"product","link":"https:\/\/singuli.wpress.me\/index.php\/proizvod\/paclan-papir-za-pecenje-u-listovima\/","title":{"rendered":"PACLAN, papir za pe\u010denje, u listovima"},"content":{"rendered":"<p>Za nedjeljni ru\u010dak, rasko\u0161ne zabave i gledanje televizije s obitelji. Bijeli papir za pe\u010denje u listovima bit \u0107e savr\u0161en za svaku priliku! Definitivno \u0107e olak\u0161ati \u017eivot zaposlenoj doma\u0107ici \u2013 dolazi u prakti\u010dnim listovima, tako da ga nema potrebe rezati, a njegov neljepljivi sloj u\u010dinkovito sprje\u010dava lijepljenje hrane. Uz ovog malog pomaga\u010da, va\u0161 \u0107e \u010dips, kola\u010di\u0107i ili meso biti savr\u0161eni!<\/p>\n","protected":false},"excerpt":{"rendered":"<p>Prethodno narezani papir u listovima<br \/>\nSprje\u010dava lijepljenje hrane<br \/>\nPrakti\u010dno<\/p>\n","protected":false},"featured_media":0,"template":"","meta":{"_seopress_robots_primary_cat":"","_seopress_titles_title":"","_seopress_titles_desc":"","_seopress_robots_index":"","iawp_total_views":0},"product_brand":[474],"product_cat":[274,238],"product_tag":[],"class_list":{"0":"post-41809","1":"product","2":"type-product","3":"status-publish","5":"product_brand-paclan","6":"product_cat-kucanski-pribor-238","7":"product_cat-sve-za-dom","9":"first","10":"instock","11":"shipping-taxable","12":"purchasable","13":"product-type-simple"},"_links":{"self":[{"href":"https:\/\/singuli.wpress.me\/index.php\/wp-json\/wp\/v2\/product\/41809","targetHints":{"allow":["GET"]}}],"collection":[{"href":"https:\/\/singuli.wpress.me\/index.php\/wp-json\/wp\/v2\/product"}],"about":[{"href":"https:\/\/singuli.wpress.me\/index.php\/wp-json\/wp\/v2\/types\/product"}],"version-history":[{"count":0,"href":"https:\/\/singuli.wpress.me\/index.php\/wp-json\/wp\/v2\/product\/41809\/revisions"}],"wp:attachment":[{"href":"https:\/\/singuli.wpress.me\/index.php\/wp-json\/wp\/v2\/media?parent=41809"}],"wp:term":[{"taxonomy":"product_brand","embeddable":true,"href":"https:\/\/singuli.wpress.me\/index.php\/wp-json\/wp\/v2\/product_brand?post=41809"},{"taxonomy":"product_cat","embeddable":true,"href":"https:\/\/singuli.wpress.me\/index.php\/wp-json\/wp\/v2\/product_cat?post=41809"},{"taxonomy":"product_tag","embeddable":true,"href":"https:\/\/singuli.wpress.me\/index.php\/wp-json\/wp\/v2\/product_tag?post=41809"}],"curies":[{"name":"wp","href":"https:\/\/api.w.org\/{rel}","templated":true}]}}