{"id":41815,"date":"2026-04-19T15:23:56","date_gmt":"2026-04-19T15:23:56","guid":{"rendered":"https:\/\/singuli.wpress.me\/index.php\/proizvod\/bonduelle-grasak-400-g\/"},"modified":"2026-04-21T00:27:12","modified_gmt":"2026-04-21T00:27:12","slug":"bonduelle-grasak-400-g","status":"publish","type":"product","link":"https:\/\/singuli.wpress.me\/index.php\/proizvod\/bonduelle-grasak-400-g\/","title":{"rendered":"BONDUELLE, gra\u0161ak, 400\u00a0g"},"content":{"rendered":"<p>Bez konzervansa. Bogato vlaknima. Limenka sadr\u017ei 2 porciju. Konzervirano povr\u0107e ne zahtijeva dodatak konzervansa, u skladu s postoje\u0107im propisima.<\/p>\n","protected":false},"excerpt":{"rendered":"<p>Bez konzervansa<br \/>\nBogato vlaknima<br \/>\nKonzervirano povr\u0107e<\/p>\n","protected":false},"featured_media":0,"template":"","meta":{"_seopress_robots_primary_cat":"","_seopress_titles_title":"","_seopress_titles_desc":"","_seopress_robots_index":"","iawp_total_views":0},"product_brand":[452],"product_cat":[261,299],"product_tag":[],"class_list":{"0":"post-41815","1":"product","2":"type-product","3":"status-publish","5":"product_brand-bonduelle","6":"product_cat-hrana-i-pice","7":"product_cat-konzervirana-i-gotova-hrana-261","9":"first","10":"instock","11":"shipping-taxable","12":"purchasable","13":"product-type-simple"},"_links":{"self":[{"href":"https:\/\/singuli.wpress.me\/index.php\/wp-json\/wp\/v2\/product\/41815","targetHints":{"allow":["GET"]}}],"collection":[{"href":"https:\/\/singuli.wpress.me\/index.php\/wp-json\/wp\/v2\/product"}],"about":[{"href":"https:\/\/singuli.wpress.me\/index.php\/wp-json\/wp\/v2\/types\/product"}],"version-history":[{"count":0,"href":"https:\/\/singuli.wpress.me\/index.php\/wp-json\/wp\/v2\/product\/41815\/revisions"}],"wp:attachment":[{"href":"https:\/\/singuli.wpress.me\/index.php\/wp-json\/wp\/v2\/media?parent=41815"}],"wp:term":[{"taxonomy":"product_brand","embeddable":true,"href":"https:\/\/singuli.wpress.me\/index.php\/wp-json\/wp\/v2\/product_brand?post=41815"},{"taxonomy":"product_cat","embeddable":true,"href":"https:\/\/singuli.wpress.me\/index.php\/wp-json\/wp\/v2\/product_cat?post=41815"},{"taxonomy":"product_tag","embeddable":true,"href":"https:\/\/singuli.wpress.me\/index.php\/wp-json\/wp\/v2\/product_tag?post=41815"}],"curies":[{"name":"wp","href":"https:\/\/api.w.org\/{rel}","templated":true}]}}