{"id":41861,"date":"2026-04-19T15:24:14","date_gmt":"2026-04-19T15:24:14","guid":{"rendered":"https:\/\/singuli.wpress.me\/index.php\/proizvod\/old-spice-captain-dezodorans-u-sticku-2x50ml-100-ml-2\/"},"modified":"2026-04-21T00:27:13","modified_gmt":"2026-04-21T00:27:13","slug":"old-spice-captain-dezodorans-u-sticku-2x50ml-100-ml-2","status":"publish","type":"product","link":"https:\/\/singuli.wpress.me\/index.php\/proizvod\/old-spice-captain-dezodorans-u-sticku-2x50ml-100-ml-2\/","title":{"rendered":"OLD SPICE Captain, dezodorans u sticku, 2x50ml, 100\u00a0ml"},"content":{"rendered":"<p>Nanesi ispod pazuha za dugotrajnu za\u0161titu. Ambicije ostvaruje\u0161 s lako\u0107om i svijet je tvoj, a Old Spice Captain ima kartu svijeta te miris koji osvaja i koji ne poznaje zna\u010denje pogre\u0161nog koraka. Dezodorans Old Spice nadja\u010dava i najgori smrad supergenijalnim mirisom. Tehnologija mirisa koji ne blijedi omogu\u0107uje ti da cijeli dan u\u017eiva\u0161 u vlastitom dobrom mirisu, ba\u0161 kao \u0161to i drugi cijeli dan u\u017eivaju u tvom dobrom mirisu.<\/p>\n","protected":false},"excerpt":{"rendered":"<p>Nanesi ispod pazuha za dugotrajnu za\u0161titu. Ambicije ostvaruje\u0161 s lako\u0107om i svijet je tvoj, a Old Spice Captain ima kartu<\/p>\n","protected":false},"featured_media":0,"template":"","meta":{"_seopress_robots_primary_cat":"","_seopress_titles_title":"","_seopress_titles_desc":"","_seopress_robots_index":"","iawp_total_views":0},"product_brand":[448],"product_cat":[285,268],"product_tag":[],"class_list":{"0":"post-41861","1":"product","2":"type-product","3":"status-publish","5":"product_brand-old-spice","6":"product_cat-dezodoransi-268","7":"product_cat-kozmetika-2","9":"first","10":"outofstock","11":"shipping-taxable","12":"purchasable","13":"product-type-simple"},"_links":{"self":[{"href":"https:\/\/singuli.wpress.me\/index.php\/wp-json\/wp\/v2\/product\/41861","targetHints":{"allow":["GET"]}}],"collection":[{"href":"https:\/\/singuli.wpress.me\/index.php\/wp-json\/wp\/v2\/product"}],"about":[{"href":"https:\/\/singuli.wpress.me\/index.php\/wp-json\/wp\/v2\/types\/product"}],"version-history":[{"count":0,"href":"https:\/\/singuli.wpress.me\/index.php\/wp-json\/wp\/v2\/product\/41861\/revisions"}],"wp:attachment":[{"href":"https:\/\/singuli.wpress.me\/index.php\/wp-json\/wp\/v2\/media?parent=41861"}],"wp:term":[{"taxonomy":"product_brand","embeddable":true,"href":"https:\/\/singuli.wpress.me\/index.php\/wp-json\/wp\/v2\/product_brand?post=41861"},{"taxonomy":"product_cat","embeddable":true,"href":"https:\/\/singuli.wpress.me\/index.php\/wp-json\/wp\/v2\/product_cat?post=41861"},{"taxonomy":"product_tag","embeddable":true,"href":"https:\/\/singuli.wpress.me\/index.php\/wp-json\/wp\/v2\/product_tag?post=41861"}],"curies":[{"name":"wp","href":"https:\/\/api.w.org\/{rel}","templated":true}]}}