{"id":41883,"date":"2026-04-19T15:24:23","date_gmt":"2026-04-19T15:24:23","guid":{"rendered":"https:\/\/singuli.wpress.me\/index.php\/proizvod\/pampers-premium-care-pelene-velicina-3-6-10kg-200-kom\/"},"modified":"2026-04-20T12:33:41","modified_gmt":"2026-04-20T12:33:41","slug":"pampers-premium-care-pelene-velicina-3-6-10kg-200-kom","status":"publish","type":"product","link":"https:\/\/singuli.wpress.me\/index.php\/proizvod\/pampers-premium-care-pelene-velicina-3-6-10kg-200-kom\/","title":{"rendered":"PAMPERS Premium Care, pelene, veli\u010dina 3, 6-10kg, 200\u00a0kom"},"content":{"rendered":"<p>Bebina ko\u017ea mo\u017ee biti do 2 puta tanja od va\u0161e \u0161to je \u010dini iznimno osjetljivom na trenje i iritacije. Zato su pelene Pampers Premium Care, prvi izbor rodili\u0161ta, mek\u0161e i su\u0161e no ikada dosad. Njihov jedinstven lagan i mekan unutarnji sloj prozra\u010dan je i ugodan na bebinoj ko\u017ei, a istovremeno s nje odvla\u010di vla\u017enost i rijetku stolicu. <\/p>\n<p>Mekana fleksibilna krilca i dvostruke trakice uz noge nje\u017eno se prilago\u0111avaju obliku bebina tijela, za udobnost po mjeri i pobolj\u0161anu za\u0161titu od propu\u0161tanja. <\/p>\n<p>Osim toga, izuzetno mo\u0107na upijaju\u0107a jezgra u trenu upija teku\u0107inu kako bi odr\u017eala osjetljivu bebinu ko\u017eu suhom i za\u0161ti\u0107enom do 12 sati.<\/p>\n<p>Za\u0161tita i sigurnost va\u0161e bebe Pampersu su uvijek na prvom mjestu. Stoga su pelene Pampers Premium Care posebno nje\u017ene prema bebinoj ko\u017ei: dermatolo\u0161ki su testirane i ne sadr\u017ee nijedan od 26 mirisnih sastojaka koje je EU izdvojila kao potencijalne uzro\u010dnike alergijske reakcije. Za vi\u0161e informacija o komponentama Pampersovih proizvoda, posjetite pampers.com.hr.<\/p>\n","protected":false},"excerpt":{"rendered":"<p>Pru\u017eaju do 12 sati suho\u0107e<br \/>\nNajmek\u0161e i najudobnije pelene s najboljom za\u0161titom ko\u017ee<br \/>\nMekana fleksibilna krilca i dvostruke trakice uz noge nje\u017eno se prilago\u0111avaju obliku bebina tijela<\/p>\n","protected":false},"featured_media":0,"template":"","meta":{"_seopress_robots_primary_cat":"","_seopress_titles_title":"","_seopress_titles_desc":"","_seopress_robots_index":"","iawp_total_views":0},"product_brand":[444],"product_cat":[211,310],"product_tag":[],"class_list":{"0":"post-41883","1":"product","2":"type-product","3":"status-publish","5":"product_brand-pampers","6":"product_cat-njega-majke-i-djeteta","7":"product_cat-pelene-211","9":"first","10":"outofstock","11":"shipping-taxable","12":"purchasable","13":"product-type-simple"},"_links":{"self":[{"href":"https:\/\/singuli.wpress.me\/index.php\/wp-json\/wp\/v2\/product\/41883","targetHints":{"allow":["GET"]}}],"collection":[{"href":"https:\/\/singuli.wpress.me\/index.php\/wp-json\/wp\/v2\/product"}],"about":[{"href":"https:\/\/singuli.wpress.me\/index.php\/wp-json\/wp\/v2\/types\/product"}],"version-history":[{"count":0,"href":"https:\/\/singuli.wpress.me\/index.php\/wp-json\/wp\/v2\/product\/41883\/revisions"}],"wp:attachment":[{"href":"https:\/\/singuli.wpress.me\/index.php\/wp-json\/wp\/v2\/media?parent=41883"}],"wp:term":[{"taxonomy":"product_brand","embeddable":true,"href":"https:\/\/singuli.wpress.me\/index.php\/wp-json\/wp\/v2\/product_brand?post=41883"},{"taxonomy":"product_cat","embeddable":true,"href":"https:\/\/singuli.wpress.me\/index.php\/wp-json\/wp\/v2\/product_cat?post=41883"},{"taxonomy":"product_tag","embeddable":true,"href":"https:\/\/singuli.wpress.me\/index.php\/wp-json\/wp\/v2\/product_tag?post=41883"}],"curies":[{"name":"wp","href":"https:\/\/api.w.org\/{rel}","templated":true}]}}