{"id":41905,"date":"2026-04-19T15:24:30","date_gmt":"2026-04-19T15:24:30","guid":{"rendered":"https:\/\/singuli.wpress.me\/index.php\/proizvod\/medex-propolis-oral-junior-sprej-u-vodenoj-otopini-s-aplikatorom-30-ml\/"},"modified":"2026-04-20T12:33:41","modified_gmt":"2026-04-20T12:33:41","slug":"medex-propolis-oral-junior-sprej-u-vodenoj-otopini-s-aplikatorom-30-ml","status":"publish","type":"product","link":"https:\/\/singuli.wpress.me\/index.php\/proizvod\/medex-propolis-oral-junior-sprej-u-vodenoj-otopini-s-aplikatorom-30-ml\/","title":{"rendered":"MEDEX Propolis oral junior, sprej, u vodenoj otopini s aplikatorom, 30\u00a0ml"},"content":{"rendered":"<p>Djeca ne znaju \u0161to je za njih dobro. Ali znaju \u0161to im se svi\u0111a! U proizvodu Propolis oral junior spojili smo oboje i napravili propolis koji ne sadr\u017ei alkohol, ne pe\u010de i ima dobar okus.   Propolis oral junior posebno je prilago\u0111en na\u0161im najmla\u0111im. Proizvod uz 10 % ekstrakta propolisa na vodenoj osnovi sadr\u017ei  med i niacin, koji doprinosi odr\u017eavanju normalnih sluznica i suhi vodeni ekstrakt li\u0161\u0107a kadulje.<\/p>\n<p>Okus su testirala djeca i uz njihovu smo pomo\u0107 napravili najbolji za njih. Zato je Propolis oral junior odli\u010dna okusa i ne pe\u010de. Osim toga, proizvod je provjerene kvalitete, jer smo u njemu standardizirali i klju\u010dne sastojke propolisa, bioflavonoide, koji biljke \u0161titi od mikroorganizama, i glavno su mjerilo kvaliteta propolisa.<\/p>\n<p>Proizvod je i jedinstven za primjenu, jer raspr\u0161iva\u010d s aplikatorom omogu\u0107ava jednostavan i precizan nanos na \u017eeljeno mjesto. <\/p>\n<p>Propolis<br \/>\nPropolis ili p\u010delinje ljepilo p\u010delinji je proizvod potreban za o\u010duvanje zdrave ko\u0161nice. Sadr\u017ei razne biljne smole koje p\u010dele skupljaju na pupoljcima drve\u0107a, oplemenjuju ih izlu\u010devinama svojih \u017elijezda te im dodaju vosak. Ljepljiva im je smjesa potrebna za popravak sa\u0107a i premaz unutarnjih zidova ko\u0161nice, \u010dime sprje\u010davaju ulazak vlage i vjetra te \u0161tite ko\u0161nicu od mikroba. Koriste ga i za balzamiranje ve\u0107ih nametnika kojih se ne mogu druk\u010dije rije\u0161iti. Time sprje\u010davaju njihov raspad i tako se \u0161tite od zaraza i bolesti. Propolis u ko\u0161nici tako\u0111er hlapi te time stvara prirodnu za\u0161titu koja omogu\u0107ava zdrav razvoj i \u017eivot p\u010delinjih obitelji. Glavne su djelatne tvari propolisa bioflavonoidi, biljna bojila koja \u0161tite biljke od mikroorganizama. Upravo sadr\u017eaj bioflavonoida odre\u0111uje kvalitetu propolisa, stoga smo u Medexu standardizirali njegovu vrijednost u proizvodima i tako osigurali njihovu stalnu kvalitetu.<\/p>\n<p>Med<br \/>\nMed je prirodni slatki dar koji p\u010dele izra\u0111uju od cvjetnog nektara (nektarni med) ili od izlu\u010devina kukaca, koje kao ljepljiva teku\u0107ina ostaju na stablima (medna rosa ili medljikovac). Nektarni medovi su cvjetni, bagrem, kesten, lipa i uljana repica, a me\u0111u medljikovce spadaju \u0161umski, jela, javor, hrast i smreka. P\u010dele prera\u0111uju nektar ili mednu rosu, oplemenjuju je izlu\u010devinama svojih \u017elijezda, a zatim je deponiraju u sa\u0107e i ostave da sazri. Med predstavlja zalihu sun\u010deve energije i gorivo \u017eivota u p\u010delinjoj ko\u0161nici. Sadr\u017ei dragocjene hranjive tvari te tako predstavlja bogat nutrijent.<\/p>\n<p>Suhi vodeni ekstrakt li\u0161\u0107a kadulje (Salvia offic.)<br \/>\nPrirodna mo\u0107 kadulje poznata je i cijenjena jo\u0161 od starog vijeka. Stare travarske knjige uzdi\u017eu kadulju kao svetu biljku. Sadr\u017ei eteri\u010dno ulje, hlapivu, miri\u0161ljavu smjesu spojeva, netopivih u vodi, me\u0111u kojima najvi\u0161e ima tujona. Vodeni ekstrakt iz listova kadulje ne sadr\u017ei tujon, zato ga mogu konzumirati i trudnice i dojilje.<\/p>\n<p>Niacin<br \/>\nNiacin (vitamin B3) doprinosi odr\u017eavanju normalnih sluznica.<\/p>\n<p><span style=\"font-weight: bold\">Na\u010din primjene: <\/span>Preporu\u010dena dnevna doza jest 6 raspr\u0161ivanja u usta. Otopinu 3 puta na dan po 2 puta raspr\u0161ite neposredno u usnu \u0161upljinu. Prije uporabe promu\u010dkajte! <\/p>\n<p>U 6 raspr\u0161ivanja: 120 mg propolisa od toga 5,8 mg bioflavonoida, 2,4 mg niacina (15% PU)<\/p>\n","protected":false},"excerpt":{"rendered":"<p>Jednostavno i precizno nano\u0161enje aplikatorom<br \/>\nNikotinamid doprinosi odr\u017eavanju normalnih sluznica<br \/>\nStandardizirana vrijednost bioflavonoida u propolisu<\/p>\n","protected":false},"featured_media":0,"template":"","meta":{"_seopress_robots_primary_cat":"","_seopress_titles_title":"","_seopress_titles_desc":"","_seopress_robots_index":"","iawp_total_views":0},"product_brand":[415],"product_cat":[268,269],"product_tag":[],"class_list":{"0":"post-41905","1":"product","2":"type-product","3":"status-publish","5":"product_brand-medex","6":"product_cat-kozmetika-2","7":"product_cat-zastita-koze-268","9":"first","10":"instock","11":"shipping-taxable","12":"purchasable","13":"product-type-simple"},"_links":{"self":[{"href":"https:\/\/singuli.wpress.me\/index.php\/wp-json\/wp\/v2\/product\/41905","targetHints":{"allow":["GET"]}}],"collection":[{"href":"https:\/\/singuli.wpress.me\/index.php\/wp-json\/wp\/v2\/product"}],"about":[{"href":"https:\/\/singuli.wpress.me\/index.php\/wp-json\/wp\/v2\/types\/product"}],"version-history":[{"count":0,"href":"https:\/\/singuli.wpress.me\/index.php\/wp-json\/wp\/v2\/product\/41905\/revisions"}],"wp:attachment":[{"href":"https:\/\/singuli.wpress.me\/index.php\/wp-json\/wp\/v2\/media?parent=41905"}],"wp:term":[{"taxonomy":"product_brand","embeddable":true,"href":"https:\/\/singuli.wpress.me\/index.php\/wp-json\/wp\/v2\/product_brand?post=41905"},{"taxonomy":"product_cat","embeddable":true,"href":"https:\/\/singuli.wpress.me\/index.php\/wp-json\/wp\/v2\/product_cat?post=41905"},{"taxonomy":"product_tag","embeddable":true,"href":"https:\/\/singuli.wpress.me\/index.php\/wp-json\/wp\/v2\/product_tag?post=41905"}],"curies":[{"name":"wp","href":"https:\/\/api.w.org\/{rel}","templated":true}]}}