{"id":41938,"date":"2026-04-19T15:24:40","date_gmt":"2026-04-19T15:24:40","guid":{"rendered":"https:\/\/singuli.wpress.me\/index.php\/proizvod\/bison-wood-adhesive-d2-ljepilo-za-drvo-75-g\/"},"modified":"2026-04-20T12:33:41","modified_gmt":"2026-04-20T12:33:41","slug":"bison-wood-adhesive-d2-ljepilo-za-drvo-75-g","status":"publish","type":"product","link":"https:\/\/singuli.wpress.me\/index.php\/proizvod\/bison-wood-adhesive-d2-ljepilo-za-drvo-75-g\/","title":{"rendered":"BISON Wood Adhesive D2, ljepilo, za drvo, 75\u00a0g"},"content":{"rendered":"<p>Visokokvalitetno, otporno na vlagu (EN 204 D2) bijelo ljepilo za drvo. <\/p>\n<p>Za lijepljenje i laminiranje otporno na vlagu za gotovo sve \u010dvrste, meke i egzoti\u010dne vrste drva. Prikladno za nenosive drvene konstrukcije koje savr\u0161eno pristaju uz upotrebu, primjerice, zup\u010dastih spojeva, spojeva na lastin rep, spojeva na \u010dep i \u017elijeb, mo\u017edanika i opruga. Prikladno za unutarnju primjenu kao \u0161to su vrata i namje\u0161taj, primjerice u dnevnim boravcima i uredima. Za povr\u0161insko lijepljenje drva, tvrde i mekane plo\u010de, iverice, multiplex \u0161perplo\u010de, MDF-a, papira, kartona tvrdih plo\u010da. Prikladno i za laminiranje furnira i plo\u010da od tvrde plastike (HPL, Formica, Duropal, Resopal) na drvenoj povr\u0161ini. EN 204 D2: Unutra\u0161nji prostori u kojima se pove\u0107ana relativna vla\u017enost pojavljuje povremeno i nakratko pa razina vla\u017enosti drva ostaje ispod 18 %.<\/p>\n","protected":false},"excerpt":{"rendered":"<p>Prozirno kada se osu\u0161i<br \/>\nIdealno za unutarnje primjene (EN 204 D2)<br \/>\nBez otpala<\/p>\n","protected":false},"featured_media":0,"template":"","meta":{"_seopress_robots_primary_cat":"","_seopress_titles_title":"","_seopress_titles_desc":"","_seopress_robots_index":"","iawp_total_views":0},"product_brand":[494],"product_cat":[264,238],"product_tag":[],"class_list":{"0":"post-41938","1":"product","2":"type-product","3":"status-publish","5":"product_brand-bison","6":"product_cat-ljepila-i-brtvila-238","7":"product_cat-sve-za-dom","9":"first","10":"instock","11":"shipping-taxable","12":"purchasable","13":"product-type-simple"},"_links":{"self":[{"href":"https:\/\/singuli.wpress.me\/index.php\/wp-json\/wp\/v2\/product\/41938","targetHints":{"allow":["GET"]}}],"collection":[{"href":"https:\/\/singuli.wpress.me\/index.php\/wp-json\/wp\/v2\/product"}],"about":[{"href":"https:\/\/singuli.wpress.me\/index.php\/wp-json\/wp\/v2\/types\/product"}],"version-history":[{"count":0,"href":"https:\/\/singuli.wpress.me\/index.php\/wp-json\/wp\/v2\/product\/41938\/revisions"}],"wp:attachment":[{"href":"https:\/\/singuli.wpress.me\/index.php\/wp-json\/wp\/v2\/media?parent=41938"}],"wp:term":[{"taxonomy":"product_brand","embeddable":true,"href":"https:\/\/singuli.wpress.me\/index.php\/wp-json\/wp\/v2\/product_brand?post=41938"},{"taxonomy":"product_cat","embeddable":true,"href":"https:\/\/singuli.wpress.me\/index.php\/wp-json\/wp\/v2\/product_cat?post=41938"},{"taxonomy":"product_tag","embeddable":true,"href":"https:\/\/singuli.wpress.me\/index.php\/wp-json\/wp\/v2\/product_tag?post=41938"}],"curies":[{"name":"wp","href":"https:\/\/api.w.org\/{rel}","templated":true}]}}