{"id":41952,"date":"2026-04-19T15:24:46","date_gmt":"2026-04-19T15:24:46","guid":{"rendered":"https:\/\/singuli.wpress.me\/index.php\/proizvod\/barbie-set-za-sladoled\/"},"modified":"2026-04-21T00:27:14","modified_gmt":"2026-04-21T00:27:14","slug":"barbie-set-za-sladoled","status":"publish","type":"product","link":"https:\/\/singuli.wpress.me\/index.php\/proizvod\/barbie-set-za-sladoled\/","title":{"rendered":"BARBIE, set, za sladoled"},"content":{"rendered":"<p>Djeca vole sladoled, a s ovim setom za igru mogu voditi slasti\u010darnicu i napraviti slasne kornete za sladoled.<\/p>\n<p>Set uklju\u010duje Barbie lutku koja nosu slatku haljinu s printom sladoleda i prugastu prega\u010du, namje\u0161taj za slasti\u010darnicu i dodatke.<\/p>\n<p>Djeca mogu odabrati izme\u0111u dvije boje sladoleda (ru\u017ei\u010dasti ili plavi).<\/p>\n<p>Stave prilo\u017eeni plastelin u aparat za sladoled, povuku ru\u010dicu i gledaju kako &#8221;sladoled&#8221; izlazi.<\/p>\n<p>Mogu koristiti zdjelice ili kornete i ukrasiti sladoled kako bi upotpunili izgled poslastice. A zatim Barbika treba i naplatiti svoj sladoled.<\/p>\n<p>Set sadr\u017ei Barbie lutku, namje\u0161taj za slasti\u010darnicu, 2 boje plastelina, 2 zdjelice, 2 korneta, 2 ukrasa, 2 \u017elice, dr\u017ea\u010d za kornete i blagajnu.<\/p>\n","protected":false},"excerpt":{"rendered":"<p>Set uklju\u010duje i lutku<br \/>\nSadr\u017ei vi\u0161e komponenti<br \/>\n2 boje sladoleda<\/p>\n","protected":false},"featured_media":0,"template":"","meta":{"_seopress_robots_primary_cat":"","_seopress_titles_title":"","_seopress_titles_desc":"","_seopress_robots_index":"","iawp_total_views":0},"product_brand":[324],"product_cat":[221,291],"product_tag":[],"class_list":{"0":"post-41952","1":"product","2":"type-product","3":"status-publish","5":"product_brand-barbie","6":"product_cat-igracke","7":"product_cat-igracke-za-djecu-221","9":"first","10":"instock","11":"shipping-taxable","12":"purchasable","13":"product-type-simple"},"_links":{"self":[{"href":"https:\/\/singuli.wpress.me\/index.php\/wp-json\/wp\/v2\/product\/41952","targetHints":{"allow":["GET"]}}],"collection":[{"href":"https:\/\/singuli.wpress.me\/index.php\/wp-json\/wp\/v2\/product"}],"about":[{"href":"https:\/\/singuli.wpress.me\/index.php\/wp-json\/wp\/v2\/types\/product"}],"version-history":[{"count":0,"href":"https:\/\/singuli.wpress.me\/index.php\/wp-json\/wp\/v2\/product\/41952\/revisions"}],"wp:attachment":[{"href":"https:\/\/singuli.wpress.me\/index.php\/wp-json\/wp\/v2\/media?parent=41952"}],"wp:term":[{"taxonomy":"product_brand","embeddable":true,"href":"https:\/\/singuli.wpress.me\/index.php\/wp-json\/wp\/v2\/product_brand?post=41952"},{"taxonomy":"product_cat","embeddable":true,"href":"https:\/\/singuli.wpress.me\/index.php\/wp-json\/wp\/v2\/product_cat?post=41952"},{"taxonomy":"product_tag","embeddable":true,"href":"https:\/\/singuli.wpress.me\/index.php\/wp-json\/wp\/v2\/product_tag?post=41952"}],"curies":[{"name":"wp","href":"https:\/\/api.w.org\/{rel}","templated":true}]}}