{"id":41953,"date":"2026-04-19T15:24:47","date_gmt":"2026-04-19T15:24:47","guid":{"rendered":"https:\/\/singuli.wpress.me\/index.php\/proizvod\/helix-hx6-10w40-motorno-ulje-za-osobna-vozila-209-l\/"},"modified":"2026-04-20T12:33:42","modified_gmt":"2026-04-20T12:33:42","slug":"helix-hx6-10w40-motorno-ulje-za-osobna-vozila-209-l","status":"publish","type":"product","link":"https:\/\/singuli.wpress.me\/index.php\/proizvod\/helix-hx6-10w40-motorno-ulje-za-osobna-vozila-209-l\/","title":{"rendered":"HELIX HX6 10W40, motorno ulje za osobna vozila, 209\u00a0l"},"content":{"rendered":"<p>Motorno ulje sinteti\u010dke tehnologije koje pobolj\u0161ava performanse motora \u0161tite\u0107i ga od nastajanja naslaga i tro\u0161enja. <\/p>\n<p>U\u010dinak, zna\u010dajke i koristi \u2013 aktivno sprje\u010dava nastajanje taloga koje mogu dovesti do smanjenja u\u010dinkovitosti motora. <\/p>\n<p>Osigurava otklanjanje \u0161tetnih naslaga uslijed kori\u0161tenja ulja lo\u0161ijih kvaliteta. <\/p>\n<p>Produ\u017euje vijek trajanja motora osiguravaju\u0107i za\u0161titu od tro\u0161enja. <\/p>\n<p>Osigurava za\u0161titu tijekom cijelog intervala izmjene ulja. <\/p>\n<p>Tako\u0111er je prikladno za upotrebu u modernim benzinskim motorima s turbopunja\u010dem gdje pru\u017ea za\u0161titu pri preuranjenom paljenju motora (LSPI).<\/p>\n<p><span style=\"font-weight: bold\">Specifikacija:<\/span> API SN PLUS, API SN, ACEA A3\/B4, MB odobrenje 229.3, VW 501.01\/505.00, Renault RN0700.<\/p>\n","protected":false},"excerpt":{"rendered":"<p>Sprje\u010dava nastajanje taloga<br \/>\nPrikladno za upotrebu u modernim benzinskim motorima s turbopunja\u010dem gdje pru\u017ea za\u0161titu pri preuranjenom paljenju motora (LSPI)<br \/>\nSpecifikacija u opisu<\/p>\n","protected":false},"featured_media":0,"template":"","meta":{"_seopress_robots_primary_cat":"","_seopress_titles_title":"","_seopress_titles_desc":"","_seopress_robots_index":"","iawp_total_views":0},"product_brand":[398],"product_cat":[243,272],"product_tag":[],"class_list":{"0":"post-41953","1":"product","2":"type-product","3":"status-publish","5":"product_brand-helix","6":"product_cat-automobili-i-motori","7":"product_cat-motorna-ulja-243","9":"first","10":"outofstock","11":"shipping-taxable","12":"purchasable","13":"product-type-simple"},"_links":{"self":[{"href":"https:\/\/singuli.wpress.me\/index.php\/wp-json\/wp\/v2\/product\/41953","targetHints":{"allow":["GET"]}}],"collection":[{"href":"https:\/\/singuli.wpress.me\/index.php\/wp-json\/wp\/v2\/product"}],"about":[{"href":"https:\/\/singuli.wpress.me\/index.php\/wp-json\/wp\/v2\/types\/product"}],"version-history":[{"count":0,"href":"https:\/\/singuli.wpress.me\/index.php\/wp-json\/wp\/v2\/product\/41953\/revisions"}],"wp:attachment":[{"href":"https:\/\/singuli.wpress.me\/index.php\/wp-json\/wp\/v2\/media?parent=41953"}],"wp:term":[{"taxonomy":"product_brand","embeddable":true,"href":"https:\/\/singuli.wpress.me\/index.php\/wp-json\/wp\/v2\/product_brand?post=41953"},{"taxonomy":"product_cat","embeddable":true,"href":"https:\/\/singuli.wpress.me\/index.php\/wp-json\/wp\/v2\/product_cat?post=41953"},{"taxonomy":"product_tag","embeddable":true,"href":"https:\/\/singuli.wpress.me\/index.php\/wp-json\/wp\/v2\/product_tag?post=41953"}],"curies":[{"name":"wp","href":"https:\/\/api.w.org\/{rel}","templated":true}]}}